{"id":5394,"date":"2026-04-06T21:58:32","date_gmt":"2026-04-07T00:58:32","guid":{"rendered":"https:\/\/sbrc.sbc.org.br\/2026\/?page_id=5394"},"modified":"2026-04-06T22:31:15","modified_gmt":"2026-04-07T01:31:15","slug":"ietf-day-brazil-2026","status":"publish","type":"page","link":"https:\/\/sbrc.sbc.org.br\/2026\/ietf-day-brazil-2026\/","title":{"rendered":"IETF Day Brazil 2026"},"content":{"rendered":"\t\t<div data-elementor-type=\"wp-page\" data-elementor-id=\"5394\" class=\"elementor elementor-5394\">\n\t\t\t\t<div class=\"elementor-element elementor-element-c7f0bc5 e-flex e-con-boxed wpr-particle-no wpr-jarallax-no wpr-parallax-no wpr-sticky-section-no e-con e-parent\" data-id=\"c7f0bc5\" data-element_type=\"container\" data-e-type=\"container\">\n\t\t\t\t\t<div class=\"e-con-inner\">\n\t\t\t\t<div class=\"elementor-element elementor-element-f418827 elementor-widget elementor-widget-page-title\" data-id=\"f418827\" data-element_type=\"widget\" data-e-type=\"widget\" data-widget_type=\"page-title.default\">\n\t\t\t\t<div class=\"elementor-widget-container\">\n\t\t\t\t\t\t\t\n\t\t<div class=\"hfe-page-title hfe-page-title-wrapper elementor-widget-heading\">\n\n\t\t\t\t\t\t\t\t\t\t\t<a href=\"https:\/\/sbrc.sbc.org.br\/2026\">\n\t\t\t\t\t\t<h1 class=\"elementor-heading-title elementor-size-default\">\n\t\t\t\t\t\t\t\t\n\t\t\t\tIETF Day Brazil 2026  \n\t\t\t<\/h1 > \n\t\t\t\t\t\t\t\t\t<\/a>\n\t\t\t\t\t<\/div>\n\t\t\t\t\t\t<\/div>\n\t\t\t\t<\/div>\n\t\t\t\t\t<\/div>\n\t\t\t\t<\/div>\n\t\t<div class=\"elementor-element elementor-element-320af6a e-flex e-con-boxed wpr-particle-no wpr-jarallax-no wpr-parallax-no wpr-sticky-section-no e-con e-parent\" data-id=\"320af6a\" data-element_type=\"container\" data-e-type=\"container\">\n\t\t\t\t\t<div class=\"e-con-inner\">\n\t\t<div class=\"elementor-element elementor-element-9f08be9 e-con-full e-flex wpr-particle-no wpr-jarallax-no wpr-parallax-no wpr-sticky-section-no e-con e-child\" data-id=\"9f08be9\" data-element_type=\"container\" data-e-type=\"container\">\n\t\t<div class=\"elementor-element elementor-element-089bca9 e-con-full e-flex wpr-particle-no wpr-jarallax-no wpr-parallax-no wpr-sticky-section-no e-con e-child\" data-id=\"089bca9\" data-element_type=\"container\" data-e-type=\"container\">\n\t\t\t\t<div class=\"elementor-element elementor-element-3b58717 elementor-widget elementor-widget-heading\" data-id=\"3b58717\" data-element_type=\"widget\" data-e-type=\"widget\" data-widget_type=\"heading.default\">\n\t\t\t\t<div class=\"elementor-widget-container\">\n\t\t\t\t\t<h2 class=\"elementor-heading-title elementor-size-default\">Datas Importantes<\/h2>\t\t\t\t<\/div>\n\t\t\t\t<\/div>\n\t\t\t\t<div class=\"elementor-element elementor-element-a3db029 elementor-widget elementor-widget-text-editor\" data-id=\"a3db029\" data-element_type=\"widget\" data-e-type=\"widget\" data-widget_type=\"text-editor.default\">\n\t\t\t\t<div class=\"elementor-widget-container\">\n\t\t\t\t\t\t\t\t\t<ul><li>Data limite para submiss\u00f5es: <strong>01\/05\/2026<\/strong><\/li><li>Notifica\u00e7\u00e3o de aceite: <strong>04\/05\/2026<\/strong><\/li><li>Dia do Evento: <strong>29\/05\/2026 <\/strong>&#8211; Praia do Forte (BA)<\/li><\/ul>\t\t\t\t\t\t\t\t<\/div>\n\t\t\t\t<\/div>\n\t\t\t\t<div class=\"elementor-element elementor-element-1a5bcb6 elementor-widget elementor-widget-button\" data-id=\"1a5bcb6\" data-element_type=\"widget\" data-e-type=\"widget\" data-widget_type=\"button.default\">\n\t\t\t\t<div class=\"elementor-widget-container\">\n\t\t\t\t\t\t\t\t\t<div class=\"elementor-button-wrapper\">\n\t\t\t\t\t<a class=\"elementor-button elementor-button-link elementor-size-sm\" href=\"mailto:ietfdaybrazil@gmail.com\">\n\t\t\t\t\t\t<span class=\"elementor-button-content-wrapper\">\n\t\t\t\t\t\t<span class=\"elementor-button-icon\">\n\t\t\t\t<svg aria-hidden=\"true\" class=\"e-font-icon-svg e-fas-chevron-right\" viewBox=\"0 0 320 512\" xmlns=\"http:\/\/www.w3.org\/2000\/svg\"><path d=\"M285.476 272.971L91.132 467.314c-9.373 9.373-24.569 9.373-33.941 0l-22.667-22.667c-9.357-9.357-9.375-24.522-.04-33.901L188.505 256 34.484 101.255c-9.335-9.379-9.317-24.544.04-33.901l22.667-22.667c9.373-9.373 24.569-9.373 33.941 0L285.475 239.03c9.373 9.372 9.373 24.568.001 33.941z\"><\/path><\/svg>\t\t\t<\/span>\n\t\t\t\t\t\t\t\t\t<span class=\"elementor-button-text\">Submeter apresenta\u00e7\u00e3o por e-mail<\/span>\n\t\t\t\t\t<\/span>\n\t\t\t\t\t<\/a>\n\t\t\t\t<\/div>\n\t\t\t\t\t\t\t\t<\/div>\n\t\t\t\t<\/div>\n\t\t\t\t<\/div>\n\t\t\t\t<div class=\"elementor-element elementor-element-e512f83 elementor-widget elementor-widget-spacer\" data-id=\"e512f83\" data-element_type=\"widget\" data-e-type=\"widget\" data-widget_type=\"spacer.default\">\n\t\t\t\t<div class=\"elementor-widget-container\">\n\t\t\t\t\t\t\t<div class=\"elementor-spacer\">\n\t\t\t<div class=\"elementor-spacer-inner\"><\/div>\n\t\t<\/div>\n\t\t\t\t\t\t<\/div>\n\t\t\t\t<\/div>\n\t\t\t\t<div class=\"elementor-element elementor-element-a6dcbc7 elementor-widget elementor-widget-heading\" data-id=\"a6dcbc7\" data-element_type=\"widget\" data-e-type=\"widget\" data-widget_type=\"heading.default\">\n\t\t\t\t<div class=\"elementor-widget-container\">\n\t\t\t\t\t<h2 class=\"elementor-heading-title elementor-size-default\">Apresenta\u00e7\u00e3o<\/h2>\t\t\t\t<\/div>\n\t\t\t\t<\/div>\n\t\t\t\t<div class=\"elementor-element elementor-element-9debef3 elementor-widget elementor-widget-text-editor\" data-id=\"9debef3\" data-element_type=\"widget\" data-e-type=\"widget\" data-widget_type=\"text-editor.default\">\n\t\t\t\t<div class=\"elementor-widget-container\">\n\t\t\t\t\t\t\t\t\t<p>O IETF Day Brazil 2026 convida a comunidade acad\u00eamica, operadores de rede, profissionais da ind\u00fastria, membros e demais interessados nas atividades do IETF\/IRTF a participarem da primeira edi\u00e7\u00e3o, que ocorrer\u00e1 em <strong>29 de maio de 2026<\/strong> na Praia do Forte (BA), como parte do 44\u00aa Edi\u00e7\u00e3o do Simp\u00f3sio Brasileiro de Redes de Computadores e Sistemas Distribu\u00eddos (SBRC).<\/p><p>Desde o in\u00edcio, a academia tem desempenhado um papel fundamental no desenvolvimento da Internet. Atualmente, muitas universidades ao redor do mundo participam ativamente, propondo padr\u00f5es na IETF, gerenciando infraestruturas cr\u00edticas e participando de organiza\u00e7\u00f5es de governan\u00e7a. Organiza\u00e7\u00f5es que promovem o ecossistema da Internet (como o CGI.Br) desejam promover a participa\u00e7\u00e3o de pesquisadores brasileiros e latino-americanos no desenvolvimento de futuros servi\u00e7os e padr\u00f5es da Internet, ampliando a diversidade geogr\u00e1fica e cultural dentro da IETF.<\/p><p>O IETF Day 2026 incluir\u00e1 minicursos, pain\u00e9is de especialistas, e apresenta\u00e7\u00f5es orais, aproximando os participantes dos f\u00f3runs onde as decis\u00f5es que afetam o futuro da Internet s\u00e3o discutidas e tomadas. Trabalhos apresentados poder\u00e3o, se necess\u00e1rio, ser adaptados e encaminhados ao IETF com apoio da organiza\u00e7\u00e3o do IETF, incentivando maior participa\u00e7\u00e3o latino-americana em processos de padroniza\u00e7\u00e3o.<\/p>\t\t\t\t\t\t\t\t<\/div>\n\t\t\t\t<\/div>\n\t\t\t\t<div class=\"elementor-element elementor-element-b13b790 elementor-widget elementor-widget-heading\" data-id=\"b13b790\" data-element_type=\"widget\" data-e-type=\"widget\" data-widget_type=\"heading.default\">\n\t\t\t\t<div class=\"elementor-widget-container\">\n\t\t\t\t\t<h2 class=\"elementor-heading-title elementor-size-default\">Formato do Evento<\/h2>\t\t\t\t<\/div>\n\t\t\t\t<\/div>\n\t\t\t\t<div class=\"elementor-element elementor-element-0d167c1 elementor-widget elementor-widget-text-editor\" data-id=\"0d167c1\" data-element_type=\"widget\" data-e-type=\"widget\" data-widget_type=\"text-editor.default\">\n\t\t\t\t<div class=\"elementor-widget-container\">\n\t\t\t\t\t\t\t\t\t<p>O IETF Day 2026 ser\u00e1 um evento de um dia (29 de maio de 2026), com:<\/p><ul><li>Sess\u00f5es t\u00e9cnicas para apresenta\u00e7\u00e3o de trabalhos aceitos<\/li><li>Palestras convidadas com especialistas IETF\/IRTF<\/li><li>Pain\u00e9is de discuss\u00e3o<\/li><\/ul>\t\t\t\t\t\t\t\t<\/div>\n\t\t\t\t<\/div>\n\t\t\t\t<div class=\"elementor-element elementor-element-2feec9f elementor-widget elementor-widget-heading\" data-id=\"2feec9f\" data-element_type=\"widget\" data-e-type=\"widget\" data-widget_type=\"heading.default\">\n\t\t\t\t<div class=\"elementor-widget-container\">\n\t\t\t\t\t<h2 class=\"elementor-heading-title elementor-size-default\">T\u00f3picos de Interesse<\/h2>\t\t\t\t<\/div>\n\t\t\t\t<\/div>\n\t\t\t\t<div class=\"elementor-element elementor-element-6538487 elementor-widget elementor-widget-text-editor\" data-id=\"6538487\" data-element_type=\"widget\" data-e-type=\"widget\" data-widget_type=\"text-editor.default\">\n\t\t\t\t<div class=\"elementor-widget-container\">\n\t\t\t\t\t\t\t\t\t<p>Os t\u00f3picos sugeridos coincidem com as \u00e1reas em que os grupos de trabalho da IETF\/IRTF est\u00e3o distribu\u00eddos (<a href=\"http:\/\/www.ietf.org\/topics\/areas\/\">www.ietf.org\/topics\/areas\/<\/a>)<\/p><ul><li>Aplica\u00e7\u00f5es e servi\u00e7os em tempo real (ART)<\/li><li>Geral (GEN)<\/li><li>Internet (INT)<\/li><li>Opera\u00e7\u00f5es e Ger\u00eancia (OPS)<\/li><li>Roteamento (RTG)<\/li><li>Seguran\u00e7a (SEC)<\/li><li>Transporte (TSV)<\/li><li>Governan\u00e7a digital e sustentabilidade na infraestrutura da Internet<\/li><li>Temas alinhados ao IETF\/IRTF, especialmente pesquisas aplicadas com potencial de impacto em padroniza\u00e7\u00f5es e pr\u00e1ticas operacionais.<\/li><\/ul><p>Em cada \u00e1rea, existem dezenas de grupos de trabalho focados em t\u00f3picos espec\u00edficos. Convidamos pesquisadores, especialistas e profissionais a apresentarem suas pesquisas e experi\u00eancias em qualquer uma das \u00e1reas mencionadas.<\/p>\t\t\t\t\t\t\t\t<\/div>\n\t\t\t\t<\/div>\n\t\t\t\t<div class=\"elementor-element elementor-element-e8cf78f elementor-widget elementor-widget-heading\" data-id=\"e8cf78f\" data-element_type=\"widget\" data-e-type=\"widget\" data-widget_type=\"heading.default\">\n\t\t\t\t<div class=\"elementor-widget-container\">\n\t\t\t\t\t<h2 class=\"elementor-heading-title elementor-size-default\">Submiss\u00e3o de Apresenta\u00e7\u00f5es\n<\/h2>\t\t\t\t<\/div>\n\t\t\t\t<\/div>\n\t\t\t\t<div class=\"elementor-element elementor-element-e6b3be7 elementor-widget elementor-widget-text-editor\" data-id=\"e6b3be7\" data-element_type=\"widget\" data-e-type=\"widget\" data-widget_type=\"text-editor.default\">\n\t\t\t\t<div class=\"elementor-widget-container\">\n\t\t\t\t\t\t\t\t\t<ul><li>HotRFC: apresenta\u00e7\u00e3o de ideias para poss\u00edveis Internet-Drafts e trabalhosrelacionados com o IETF\/IRTF.<\/li><li>RFC I love: apresenta\u00e7\u00e3o de RFC relevante por quest\u00f5es diversas (e.g., hist\u00f3ria, impacto, rela\u00e7\u00e3o pessoal).<\/li><\/ul><p>A submiss\u00e3o deve ser realizada atrav\u00e9s de envio de t\u00edtulo e resumo para o email <a href=\"mailto:ietfdaybrazil@gmail.com\" data-wplink-edit=\"true\">ietfdaybrazil@gmail.com<\/a> ou mensagem direta para o perfil Instagram @ietfdaybrazil.<\/p>\t\t\t\t\t\t\t\t<\/div>\n\t\t\t\t<\/div>\n\t\t\t\t<div class=\"elementor-element elementor-element-908cd01 elementor-widget elementor-widget-heading\" data-id=\"908cd01\" data-element_type=\"widget\" data-e-type=\"widget\" data-widget_type=\"heading.default\">\n\t\t\t\t<div class=\"elementor-widget-container\">\n\t\t\t\t\t<h2 class=\"elementor-heading-title elementor-size-default\">Coordena\u00e7\u00e3o<\/h2>\t\t\t\t<\/div>\n\t\t\t\t<\/div>\n\t\t\t\t<div class=\"elementor-element elementor-element-a804be0 elementor-widget elementor-widget-text-editor\" data-id=\"a804be0\" data-element_type=\"widget\" data-e-type=\"widget\" data-widget_type=\"text-editor.default\">\n\t\t\t\t<div class=\"elementor-widget-container\">\n\t\t\t\t\t\t\t\t\t<p>J\u00e9ferson Campos Nobre (UFRGS) &#8211; <a href=\"mailto:jcnobre@inf.ufrgs.br\">jcnobre@inf.ufrgs.br<\/a><\/p><h5>Contatos<\/h5><p>Email: <a href=\"mailto:ietfdaybrazil@gmail.com\">ietfdaybrazil@gmail.com<\/a><br \/>Instagram: @ietfdaybrazil<\/p>\t\t\t\t\t\t\t\t<\/div>\n\t\t\t\t<\/div>\n\t\t\t\t<\/div>\n\t\t\t\t\t<\/div>\n\t\t\t\t<\/div>\n\t\t\t\t<\/div>\n\t\t","protected":false},"excerpt":{"rendered":"<p>IETF Day Brazil 2026 Datas Importantes Data limite para submiss\u00f5es: 01\/05\/2026 Notifica\u00e7\u00e3o de aceite: 04\/05\/2026 Dia do Evento: 29\/05\/2026 &#8211; Praia do Forte (BA) Submeter apresenta\u00e7\u00e3o por e-mail Apresenta\u00e7\u00e3o O IETF Day Brazil 2026 convida a comunidade acad\u00eamica, operadores de rede, profissionais da ind\u00fastria, membros e demais interessados nas atividades do IETF\/IRTF a participarem da primeira edi\u00e7\u00e3o, que ocorrer\u00e1 em 29 de maio de 2026 na Praia do Forte (BA), como parte do 44\u00aa Edi\u00e7\u00e3o do Simp\u00f3sio Brasileiro de Redes de Computadores e Sistemas Distribu\u00eddos (SBRC). Desde o in\u00edcio, a academia tem desempenhado um papel fundamental no desenvolvimento da Internet. Atualmente, muitas universidades ao redor do mundo participam ativamente, propondo padr\u00f5es na IETF, gerenciando infraestruturas cr\u00edticas e participando de organiza\u00e7\u00f5es de governan\u00e7a. Organiza\u00e7\u00f5es que promovem o ecossistema da Internet (como o CGI.Br) desejam promover a participa\u00e7\u00e3o de pesquisadores brasileiros e latino-americanos no desenvolvimento de futuros servi\u00e7os e padr\u00f5es da Internet, ampliando a diversidade geogr\u00e1fica e cultural dentro da IETF. O IETF Day 2026 incluir\u00e1 minicursos, pain\u00e9is de especialistas, e apresenta\u00e7\u00f5es orais, aproximando os participantes dos f\u00f3runs onde as decis\u00f5es que afetam o futuro da Internet s\u00e3o discutidas e tomadas. Trabalhos apresentados poder\u00e3o, se necess\u00e1rio, ser adaptados e encaminhados ao IETF com apoio da organiza\u00e7\u00e3o do IETF, incentivando maior participa\u00e7\u00e3o latino-americana em processos de padroniza\u00e7\u00e3o. Formato do Evento O IETF Day 2026 ser\u00e1 um evento de um dia (29 de maio de 2026), com: Sess\u00f5es t\u00e9cnicas para apresenta\u00e7\u00e3o de trabalhos aceitos Palestras convidadas com especialistas IETF\/IRTF Pain\u00e9is de discuss\u00e3o T\u00f3picos de Interesse Os t\u00f3picos sugeridos coincidem com as \u00e1reas em que os grupos de trabalho da IETF\/IRTF est\u00e3o distribu\u00eddos (www.ietf.org\/topics\/areas\/) Aplica\u00e7\u00f5es e servi\u00e7os em tempo real (ART) Geral (GEN) Internet (INT) Opera\u00e7\u00f5es e Ger\u00eancia (OPS) Roteamento (RTG) Seguran\u00e7a (SEC) Transporte (TSV) Governan\u00e7a digital e sustentabilidade na infraestrutura da Internet Temas alinhados ao IETF\/IRTF, especialmente pesquisas aplicadas com potencial de impacto em padroniza\u00e7\u00f5es e pr\u00e1ticas operacionais. Em cada \u00e1rea, existem dezenas de grupos de trabalho focados em t\u00f3picos espec\u00edficos. Convidamos pesquisadores, especialistas e profissionais a apresentarem suas pesquisas e experi\u00eancias em qualquer uma das \u00e1reas mencionadas. Submiss\u00e3o de Apresenta\u00e7\u00f5es HotRFC: apresenta\u00e7\u00e3o de ideias para poss\u00edveis Internet-Drafts e trabalhosrelacionados com o IETF\/IRTF. RFC I love: apresenta\u00e7\u00e3o de RFC relevante por quest\u00f5es diversas (e.g., hist\u00f3ria, impacto, rela\u00e7\u00e3o pessoal). A submiss\u00e3o deve ser realizada atrav\u00e9s de envio de t\u00edtulo e resumo para o email ietfdaybrazil@gmail.com ou mensagem direta para o perfil Instagram @ietfdaybrazil. Coordena\u00e7\u00e3o J\u00e9ferson Campos Nobre (UFRGS) &#8211; jcnobre@inf.ufrgs.br Contatos Email: ietfdaybrazil@gmail.comInstagram: @ietfdaybrazil<\/p>\n","protected":false},"author":8,"featured_media":0,"parent":0,"menu_order":0,"comment_status":"closed","ping_status":"closed","template":"","meta":{"footnotes":""},"class_list":["post-5394","page","type-page","status-publish","hentry"],"_links":{"self":[{"href":"https:\/\/sbrc.sbc.org.br\/2026\/wp-json\/wp\/v2\/pages\/5394","targetHints":{"allow":["GET"]}}],"collection":[{"href":"https:\/\/sbrc.sbc.org.br\/2026\/wp-json\/wp\/v2\/pages"}],"about":[{"href":"https:\/\/sbrc.sbc.org.br\/2026\/wp-json\/wp\/v2\/types\/page"}],"author":[{"embeddable":true,"href":"https:\/\/sbrc.sbc.org.br\/2026\/wp-json\/wp\/v2\/users\/8"}],"replies":[{"embeddable":true,"href":"https:\/\/sbrc.sbc.org.br\/2026\/wp-json\/wp\/v2\/comments?post=5394"}],"version-history":[{"count":10,"href":"https:\/\/sbrc.sbc.org.br\/2026\/wp-json\/wp\/v2\/pages\/5394\/revisions"}],"predecessor-version":[{"id":5405,"href":"https:\/\/sbrc.sbc.org.br\/2026\/wp-json\/wp\/v2\/pages\/5394\/revisions\/5405"}],"wp:attachment":[{"href":"https:\/\/sbrc.sbc.org.br\/2026\/wp-json\/wp\/v2\/media?parent=5394"}],"curies":[{"name":"wp","href":"https:\/\/api.w.org\/{rel}","templated":true}]}}