{"id":4492,"date":"2025-10-17T21:03:43","date_gmt":"2025-10-18T00:03:43","guid":{"rendered":"https:\/\/sbrc.sbc.org.br\/2026\/?page_id=4492"},"modified":"2026-02-26T17:36:21","modified_gmt":"2026-02-26T20:36:21","slug":"workshops","status":"publish","type":"page","link":"https:\/\/sbrc.sbc.org.br\/2026\/workshops\/","title":{"rendered":"Workshops"},"content":{"rendered":"\t\t<div data-elementor-type=\"wp-page\" data-elementor-id=\"4492\" class=\"elementor elementor-4492\">\n\t\t\t\t<div class=\"elementor-element elementor-element-c7f0bc5 e-flex e-con-boxed wpr-particle-no wpr-jarallax-no wpr-parallax-no wpr-sticky-section-no wpr-column-slider-no wpr-equal-height-no e-con e-parent\" data-id=\"c7f0bc5\" data-element_type=\"container\" data-e-type=\"container\">\n\t\t\t\t\t<div class=\"e-con-inner\">\n\t\t\t\t<div class=\"elementor-element elementor-element-f418827 elementor-widget elementor-widget-page-title\" data-id=\"f418827\" data-element_type=\"widget\" data-e-type=\"widget\" data-widget_type=\"page-title.default\">\n\t\t\t\t<div class=\"elementor-widget-container\">\n\t\t\t\t\t\t\t\n\t\t<div class=\"hfe-page-title hfe-page-title-wrapper elementor-widget-heading\">\n\n\t\t\t\t\t\t\t\t\t\t\t<a href=\"https:\/\/sbrc.sbc.org.br\/2026\">\n\t\t\t\t\t\t<h1 class=\"elementor-heading-title elementor-size-default\">\n\t\t\t\t\t\t\t\t\n\t\t\t\tWorkshops  \n\t\t\t<\/h1 > \n\t\t\t\t\t\t\t\t\t<\/a>\n\t\t\t\t\t<\/div>\n\t\t\t\t\t\t<\/div>\n\t\t\t\t<\/div>\n\t\t\t\t\t<\/div>\n\t\t\t\t<\/div>\n\t\t<div class=\"elementor-element elementor-element-320af6a e-flex e-con-boxed wpr-particle-no wpr-jarallax-no wpr-parallax-no wpr-sticky-section-no wpr-column-slider-no wpr-equal-height-no e-con e-parent\" data-id=\"320af6a\" data-element_type=\"container\" data-e-type=\"container\">\n\t\t\t\t\t<div class=\"e-con-inner\">\n\t\t<div class=\"elementor-element elementor-element-9f08be9 e-con-full e-flex wpr-particle-no wpr-jarallax-no wpr-parallax-no wpr-sticky-section-no wpr-column-slider-no wpr-equal-height-no e-con e-child\" data-id=\"9f08be9\" data-element_type=\"container\" data-e-type=\"container\">\n\t\t\t\t<div class=\"elementor-element elementor-element-d2c607a elementor-widget elementor-widget-menu-anchor\" data-id=\"d2c607a\" data-element_type=\"widget\" data-e-type=\"widget\" data-widget_type=\"menu-anchor.default\">\n\t\t\t\t<div class=\"elementor-widget-container\">\n\t\t\t\t\t\t\t<div class=\"elementor-menu-anchor\" id=\"aceitos\"><\/div>\n\t\t\t\t\t\t<\/div>\n\t\t\t\t<\/div>\n\t\t\t\t<div class=\"elementor-element elementor-element-de17a2b elementor-widget elementor-widget-heading\" data-id=\"de17a2b\" data-element_type=\"widget\" data-e-type=\"widget\" data-widget_type=\"heading.default\">\n\t\t\t\t<div class=\"elementor-widget-container\">\n\t\t\t\t\t<h2 class=\"elementor-heading-title elementor-size-default\">Workshops Aceitos<\/h2>\t\t\t\t<\/div>\n\t\t\t\t<\/div>\n\t\t<div class=\"elementor-element elementor-element-29ec914 e-con-full e-flex wpr-particle-no wpr-jarallax-no wpr-parallax-no wpr-sticky-section-no wpr-column-slider-no wpr-equal-height-no e-con e-child\" data-id=\"29ec914\" data-element_type=\"container\" data-e-type=\"container\" data-settings=\"{&quot;background_background&quot;:&quot;classic&quot;}\">\n\t\t<div class=\"elementor-element elementor-element-127c80e e-con-full e-flex wpr-particle-no wpr-jarallax-no wpr-parallax-no wpr-sticky-section-no wpr-column-slider-no wpr-equal-height-no e-con e-child\" data-id=\"127c80e\" data-element_type=\"container\" data-e-type=\"container\">\n\t\t\t\t<div class=\"elementor-element elementor-element-925d497 elementor-widget elementor-widget-text-editor\" data-id=\"925d497\" data-element_type=\"widget\" data-e-type=\"widget\" data-widget_type=\"text-editor.default\">\n\t\t\t\t<div class=\"elementor-widget-container\">\n\t\t\t\t\t\t\t\t\t<ul><li><strong>IX WBlockchain &#8211; <\/strong><strong>Proponentes:<\/strong> Jos\u00e9 Augusto Miranda Nacif (UFV), Diogo Silveira Mendon\u00e7a (CEFET-RJ)\u00a0<\/li><li><strong>X Workshop de Computa\u00e7\u00e3o Urbana (CoUrb) &#8211; <\/strong><strong>Proponentes: <\/strong>Leandro Villas (UNICAMP), Thiago Henrique Silva\u00a0 (UTFPR), Daniel Ludovico Guidoni\u00a0 (UFOP), Rodolfo Ipolito Meneguette (USP), Wellington Viana Lobato Junior\u00a0 (UNICAMP)<\/li><li><strong>III Workshop de Redes Qu\u00e2nticas (WQuNets) &#8211; <\/strong><strong>Proponentes: <\/strong>Ant\u00f4nio Jorge Gomes Abel\u00e9m (UFPA), Diego Abreu (Rede Nacional de Ensino e Pesquisa), Jos\u00e9 Rezende (UFRJ), Alexandre Tacla (SENAI CIMATEC)<\/li><li><strong>XXXI Workshop de Ger\u00eancia e Opera\u00e7\u00e3o de Redes e Servi\u00e7os (WGRS 2026) &#8211; P<\/strong><strong>roponentes: <\/strong>Jo\u00e3o Henrique Corr\u00eaa (UFC), Hugo Leonardo Melo dos Santos (UEPA)<\/li><li><strong>IX Workshop de Trabalhos de Inicia\u00e7\u00e3o Cient\u00edfica e de Gradua\u00e7\u00e3o (IX WTG) &#8211;<\/strong><strong>Proponentes: <\/strong>Iago Medeiros (UFPA), Paulo A L Rego (UFC)<\/li><\/ul>\t\t\t\t\t\t\t\t<\/div>\n\t\t\t\t<\/div>\n\t\t\t\t<\/div>\n\t\t<div class=\"elementor-element elementor-element-9eb0e91 e-con-full e-flex wpr-particle-no wpr-jarallax-no wpr-parallax-no wpr-sticky-section-no wpr-column-slider-no wpr-equal-height-no e-con e-child\" data-id=\"9eb0e91\" data-element_type=\"container\" data-e-type=\"container\">\n\t\t\t\t<div class=\"elementor-element elementor-element-22e1b46 elementor-widget elementor-widget-text-editor\" data-id=\"22e1b46\" data-element_type=\"widget\" data-e-type=\"widget\" data-widget_type=\"text-editor.default\">\n\t\t\t\t<div class=\"elementor-widget-container\">\n\t\t\t\t\t\t\t\t\t<ul><li><strong>17th Workshop on Experimental Research for the Future Internet (WPEIF 2026): <\/strong>Special Edition: Open Research Infrastructures and Toolkits for 6G &#8211; <strong>Proponentes: <\/strong>Ant\u00f4nio Jorge Gomes Abel\u00e9m (UFPA), Christian Esteve Rothenberg (UNICAMP), Jos\u00e9 Ferreira de Rezende (UFRJ), Flavio de Oliveira Silva (University of Minho, Portugal), Serge Fdida (Universite Pierre et Marie Curie, France), Akihiro Nakao (The University of Tokyo, Japan), Thomas Magedanz (TU, Germany), Manu Gosain (Northeastern University, U.S.A)\u00a0<\/li><li><strong>XXVII Workshop de Testes e Toler\u00e2ncia a Falhas (WTF) &#8211; <\/strong><strong>Proponente: <\/strong>Gustavo Rau de Almeida Callou (Federal Rural University of Pernambuco)<\/li><li><strong>I Workshop de Intelig\u00eancia Artificial para Redes de Computadores (WIARC 2026) &#8211;<\/strong><strong>Proponentes: <\/strong>Helder Oliveira (USP), Joahannes Bruno Dias da Costa (UNIFESP)\u00a0<\/li><\/ul>\t\t\t\t\t\t\t\t<\/div>\n\t\t\t\t<\/div>\n\t\t\t\t<\/div>\n\t\t\t\t<\/div>\n\t\t\t\t<div class=\"elementor-element elementor-element-e512f83 elementor-widget elementor-widget-spacer\" data-id=\"e512f83\" data-element_type=\"widget\" data-e-type=\"widget\" data-widget_type=\"spacer.default\">\n\t\t\t\t<div class=\"elementor-widget-container\">\n\t\t\t\t\t\t\t<div class=\"elementor-spacer\">\n\t\t\t<div class=\"elementor-spacer-inner\"><\/div>\n\t\t<\/div>\n\t\t\t\t\t\t<\/div>\n\t\t\t\t<\/div>\n\t\t<div class=\"elementor-element elementor-element-089bca9 e-con-full e-flex wpr-particle-no wpr-jarallax-no wpr-parallax-no wpr-sticky-section-no wpr-column-slider-no wpr-equal-height-no e-con e-child\" data-id=\"089bca9\" data-element_type=\"container\" data-e-type=\"container\">\n\t\t\t\t<div class=\"elementor-element elementor-element-3b58717 elementor-widget elementor-widget-heading\" data-id=\"3b58717\" data-element_type=\"widget\" data-e-type=\"widget\" data-widget_type=\"heading.default\">\n\t\t\t\t<div class=\"elementor-widget-container\">\n\t\t\t\t\t<h2 class=\"elementor-heading-title elementor-size-default\">Datas Importantes<\/h2>\t\t\t\t<\/div>\n\t\t\t\t<\/div>\n\t\t\t\t<div class=\"elementor-element elementor-element-a3db029 elementor-widget elementor-widget-text-editor\" data-id=\"a3db029\" data-element_type=\"widget\" data-e-type=\"widget\" data-widget_type=\"text-editor.default\">\n\t\t\t\t<div class=\"elementor-widget-container\">\n\t\t\t\t\t\t\t\t\t<ul><li>Submiss\u00e3o de propostas de workshops: <strong>14\/11\/2025<\/strong>, <del>07\/11\/2025 <\/del><\/li><li>Notifica\u00e7\u00e3o dos workshops aceitos: <strong>14\/12\/2025<\/strong><\/li><\/ul>\t\t\t\t\t\t\t\t<\/div>\n\t\t\t\t<\/div>\n\t\t\t\t<div class=\"elementor-element elementor-element-1a5bcb6 elementor-widget elementor-widget-button\" data-id=\"1a5bcb6\" data-element_type=\"widget\" data-e-type=\"widget\" data-widget_type=\"button.default\">\n\t\t\t\t<div class=\"elementor-widget-container\">\n\t\t\t\t\t\t\t\t\t<div class=\"elementor-button-wrapper\">\n\t\t\t\t\t<a class=\"elementor-button elementor-button-link elementor-size-sm\" href=\"https:\/\/jems3.sbc.org.br\/sbrc2026-workshops\">\n\t\t\t\t\t\t<span class=\"elementor-button-content-wrapper\">\n\t\t\t\t\t\t<span class=\"elementor-button-icon\">\n\t\t\t\t<svg aria-hidden=\"true\" class=\"e-font-icon-svg e-fas-chevron-right\" viewBox=\"0 0 320 512\" xmlns=\"http:\/\/www.w3.org\/2000\/svg\"><path d=\"M285.476 272.971L91.132 467.314c-9.373 9.373-24.569 9.373-33.941 0l-22.667-22.667c-9.357-9.357-9.375-24.522-.04-33.901L188.505 256 34.484 101.255c-9.335-9.379-9.317-24.544.04-33.901l22.667-22.667c9.373-9.373 24.569-9.373 33.941 0L285.475 239.03c9.373 9.372 9.373 24.568.001 33.941z\"><\/path><\/svg>\t\t\t<\/span>\n\t\t\t\t\t\t\t\t\t<span class=\"elementor-button-text\">Submeter proposta<\/span>\n\t\t\t\t\t<\/span>\n\t\t\t\t\t<\/a>\n\t\t\t\t<\/div>\n\t\t\t\t\t\t\t\t<\/div>\n\t\t\t\t<\/div>\n\t\t\t\t<\/div>\n\t\t\t\t<div class=\"elementor-element elementor-element-e955ee5 elementor-widget elementor-widget-spacer\" data-id=\"e955ee5\" data-element_type=\"widget\" data-e-type=\"widget\" data-widget_type=\"spacer.default\">\n\t\t\t\t<div class=\"elementor-widget-container\">\n\t\t\t\t\t\t\t<div class=\"elementor-spacer\">\n\t\t\t<div class=\"elementor-spacer-inner\"><\/div>\n\t\t<\/div>\n\t\t\t\t\t\t<\/div>\n\t\t\t\t<\/div>\n\t\t\t\t<div class=\"elementor-element elementor-element-a6dcbc7 elementor-widget elementor-widget-heading\" data-id=\"a6dcbc7\" data-element_type=\"widget\" data-e-type=\"widget\" data-widget_type=\"heading.default\">\n\t\t\t\t<div class=\"elementor-widget-container\">\n\t\t\t\t\t<h2 class=\"elementor-heading-title elementor-size-default\">Apresenta\u00e7\u00e3o<\/h2>\t\t\t\t<\/div>\n\t\t\t\t<\/div>\n\t\t\t\t<div class=\"elementor-element elementor-element-9debef3 elementor-widget elementor-widget-text-editor\" data-id=\"9debef3\" data-element_type=\"widget\" data-e-type=\"widget\" data-widget_type=\"text-editor.default\">\n\t\t\t\t<div class=\"elementor-widget-container\">\n\t\t\t\t\t\t\t\t\t<p>Os Workshops do SBRC s\u00e3o eventos sat\u00e9lites que oferecem oportunidades para discuss\u00f5es focadas em t\u00f3picos selecionados, adotando din\u00e2micas de trabalho alternativas \u00e0 Trilha Principal do SBRC, podendo incluir apresenta\u00e7\u00e3o de artigos, tutoriais, palestras e\/ou pain\u00e9is, etc. Os workshops enriquecem e complementam o SBRC possibilitando o tratamento de t\u00f3picos emergentes, a submiss\u00e3o e troca de ideias sobre trabalhos de pesquisa em andamento, assim como a discuss\u00e3o mais aprofundada sobre temas j\u00e1 consolidados das \u00e1reas de Redes de Computadores e Sistemas Distribu\u00eddos.<\/p><p>Para a quadrag\u00e9sima quarta edi\u00e7\u00e3o do SBRC, o Comit\u00ea Organizador do simp\u00f3sio convida pesquisadores a submeterem propostas de workshops a serem realizados em conjunto com o simp\u00f3sio abrangendo t\u00f3picos de interesse da comunidade de Redes de Computadores e Sistemas Distribu\u00eddos.<\/p><p>As propostas de workshops dever\u00e3o ser submetidas atrav\u00e9s do sistema <a href=\"https:\/\/jems3.sbc.org.br\/sbrc2026-workshops\">JEMS3<\/a> da SBC. Como nos anos anteriores, os workshops poder\u00e3o ter dura\u00e7\u00e3o de um dia inteiro ou de metade de um dia, favorecendo a estrutura\u00e7\u00e3o mais conveniente de acordo com o tema abordado.<\/p><p>A decis\u00e3o sobre a dura\u00e7\u00e3o do workshop e a data de realiza\u00e7\u00e3o \u00e9 uma prerrogativa da organiza\u00e7\u00e3o do SBRC 2026, sendo determinadas de acordo com o hist\u00f3rico de participantes e submiss\u00f5es dos workshops, bem como com a disponibilidade f\u00edsica alocada para o SBRC.<\/p>\t\t\t\t\t\t\t\t<\/div>\n\t\t\t\t<\/div>\n\t\t\t\t<div class=\"elementor-element elementor-element-2feec9f elementor-widget elementor-widget-heading\" data-id=\"2feec9f\" data-element_type=\"widget\" data-e-type=\"widget\" data-widget_type=\"heading.default\">\n\t\t\t\t<div class=\"elementor-widget-container\">\n\t\t\t\t\t<h2 class=\"elementor-heading-title elementor-size-default\">Instru\u00e7\u00f5es para Submiss\u00e3o de Propostas<\/h2>\t\t\t\t<\/div>\n\t\t\t\t<\/div>\n\t\t\t\t<div class=\"elementor-element elementor-element-e6b3be7 elementor-widget elementor-widget-text-editor\" data-id=\"e6b3be7\" data-element_type=\"widget\" data-e-type=\"widget\" data-widget_type=\"text-editor.default\">\n\t\t\t\t<div class=\"elementor-widget-container\">\n\t\t\t\t\t\t\t\t\t<p>Propostas de workshops dever\u00e3o incluir os seguintes itens:<\/p><ul><li>T\u00edtulo do workshop;<\/li><li>Nome, e-mail e institui\u00e7\u00e3o de v\u00ednculo de cada um dos organizadores do workshop proposto;<\/li><li>Breve hist\u00f3rico da atua\u00e7\u00e3o dos organizadores na \u00e1rea do workshop proposto;<\/li><li>Breve descri\u00e7\u00e3o t\u00e9cnica do workshop, foco e justificativa para que o tema abordado seja tratado no contexto de um workshop do SBRC (m\u00e1ximo uma p\u00e1gina);<\/li><li>Descri\u00e7\u00e3o da din\u00e2mica do workshop, incluindo previs\u00e3o de palestras, pain\u00e9is, tutoriais e uma breve descri\u00e7\u00e3o do processo de revis\u00e3o (inclusive o n\u00famero esperado de trabalhos aceitos);<\/li><li>Chamada de Trabalhos (em uma p\u00e1gina) do workshop. Visando a acomodar junto \u00e0s datas previstas do SBRC, os prazos a constarem na Chamada de Trabalhos do workshop proposto devem ser necessariamente os seguintes:<ul><li>Submiss\u00e3o de artigos: 20\/03\/2026<\/li><li>Comunica\u00e7\u00e3o de resultados: 17\/04\/2026<\/li><li>Envio de vers\u00e3o final dos artigos aceitos: 24\/04\/2026<\/li><\/ul><\/li><li>Breve plano de dissemina\u00e7\u00e3o (por exemplo, como divulgar o workshop ou poss\u00edveis submiss\u00f5es para edi\u00e7\u00f5es especiais de peri\u00f3dicos) e o n\u00famero esperado de participantes.<\/li><\/ul><p>No caso de proposta de nova edi\u00e7\u00e3o de um workshop j\u00e1 realizado anteriormente no SBRC, incluir:<\/p><ul><li>Breve hist\u00f3rico das edi\u00e7\u00f5es anteriores e classifica\u00e7\u00e3o no Qualis-CAPES (se possuir);<\/li><li>Lista dos organizadores do evento nas \u00faltimas cinco edi\u00e7\u00f5es;<\/li><li>N\u00famero de artigos submetidos e aceitos nas \u00faltimas cinco edi\u00e7\u00f5es, e;<\/li><li>N\u00famero de participantes nas \u00faltimas cinco edi\u00e7\u00f5es.<\/li><\/ul><p>A avalia\u00e7\u00e3o das propostas levar\u00e1 em conta o potencial do workshop de atrair participantes, de fomentar a renova\u00e7\u00e3o dos organizadores, de produzir bons resultados e de abordar t\u00f3picos emergentes e transversais \u00e0 Trilha Principal do SBRC que interessam a uma parcela substancial da comunidade.<\/p><p>Todos os artigos aceitos nos workshops dever\u00e3o ser enviados \u00e0 Coordena\u00e7\u00e3o de Publica\u00e7\u00f5es do SBRC 2026 no dia <strong>27\/04\/2026<\/strong>. Os anais dos workshops ser\u00e3o publicados na biblioteca digital da SBC, a <a href=\"https:\/\/sol.sbc.org.br\/\">SBC OpenLib (SOL)<\/a><\/p>\t\t\t\t\t\t\t\t<\/div>\n\t\t\t\t<\/div>\n\t\t\t\t<div class=\"elementor-element elementor-element-908cd01 elementor-widget elementor-widget-heading\" data-id=\"908cd01\" data-element_type=\"widget\" data-e-type=\"widget\" data-widget_type=\"heading.default\">\n\t\t\t\t<div class=\"elementor-widget-container\">\n\t\t\t\t\t<h2 class=\"elementor-heading-title elementor-size-default\">Coordena\u00e7\u00e3o<\/h2>\t\t\t\t<\/div>\n\t\t\t\t<\/div>\n\t\t\t\t<div class=\"elementor-element elementor-element-a804be0 elementor-widget elementor-widget-text-editor\" data-id=\"a804be0\" data-element_type=\"widget\" data-e-type=\"widget\" data-widget_type=\"text-editor.default\">\n\t\t\t\t<div class=\"elementor-widget-container\">\n\t\t\t\t\t\t\t\t\t<p>Miguel Elias Mitre Campista (UFRJ)<\/p>\t\t\t\t\t\t\t\t<\/div>\n\t\t\t\t<\/div>\n\t\t\t\t<div class=\"elementor-element elementor-element-9cbfdbe elementor-widget elementor-widget-heading\" data-id=\"9cbfdbe\" data-element_type=\"widget\" data-e-type=\"widget\" data-widget_type=\"heading.default\">\n\t\t\t\t<div class=\"elementor-widget-container\">\n\t\t\t\t\t<h2 class=\"elementor-heading-title elementor-size-default\">Comit\u00ea de Sele\u00e7\u00e3o<\/h2>\t\t\t\t<\/div>\n\t\t\t\t<\/div>\n\t\t\t\t<div class=\"elementor-element elementor-element-32ed7f0 elementor-widget elementor-widget-text-editor\" data-id=\"32ed7f0\" data-element_type=\"widget\" data-e-type=\"widget\" data-widget_type=\"text-editor.default\">\n\t\t\t\t<div class=\"elementor-widget-container\">\n\t\t\t\t\t\t\t\t\t<p>Em forma\u00e7\u00e3o<\/p>\t\t\t\t\t\t\t\t<\/div>\n\t\t\t\t<\/div>\n\t\t<div class=\"elementor-element elementor-element-0d68d74 e-con-full e-flex wpr-particle-no wpr-jarallax-no wpr-parallax-no wpr-sticky-section-no wpr-column-slider-no wpr-equal-height-no e-con e-child\" data-id=\"0d68d74\" data-element_type=\"container\" data-e-type=\"container\">\n\t\t\t\t<\/div>\n\t\t<div class=\"elementor-element elementor-element-ca25313 e-con-full e-flex wpr-particle-no wpr-jarallax-no wpr-parallax-no wpr-sticky-section-no wpr-column-slider-no wpr-equal-height-no e-con e-child\" data-id=\"ca25313\" data-element_type=\"container\" data-e-type=\"container\">\n\t\t\t\t<\/div>\n\t\t\t\t<\/div>\n\t\t\t\t\t<\/div>\n\t\t\t\t<\/div>\n\t\t\t\t<\/div>\n\t\t","protected":false},"excerpt":{"rendered":"<p>Workshops Workshops Aceitos IX WBlockchain &#8211; Proponentes: Jos\u00e9 Augusto Miranda Nacif (UFV), Diogo Silveira Mendon\u00e7a (CEFET-RJ)\u00a0 X Workshop de Computa\u00e7\u00e3o Urbana (CoUrb) &#8211; Proponentes: Leandro Villas (UNICAMP), Thiago Henrique Silva\u00a0 (UTFPR), Daniel Ludovico Guidoni\u00a0 (UFOP), Rodolfo Ipolito Meneguette (USP), Wellington Viana Lobato Junior\u00a0 (UNICAMP) III Workshop de Redes Qu\u00e2nticas (WQuNets) &#8211; Proponentes: Ant\u00f4nio Jorge Gomes Abel\u00e9m (UFPA), Diego Abreu (Rede Nacional de Ensino e Pesquisa), Jos\u00e9 Rezende (UFRJ), Alexandre Tacla (SENAI CIMATEC) XXXI Workshop de Ger\u00eancia e Opera\u00e7\u00e3o de Redes e Servi\u00e7os (WGRS 2026) &#8211; Proponentes: Jo\u00e3o Henrique Corr\u00eaa (UFC), Hugo Leonardo Melo dos Santos (UEPA) IX Workshop de Trabalhos de Inicia\u00e7\u00e3o Cient\u00edfica e de Gradua\u00e7\u00e3o (IX WTG) &#8211;Proponentes: Iago Medeiros (UFPA), Paulo A L Rego (UFC) 17th Workshop on Experimental Research for the Future Internet (WPEIF 2026): Special Edition: Open Research Infrastructures and Toolkits for 6G &#8211; Proponentes: Ant\u00f4nio Jorge Gomes Abel\u00e9m (UFPA), Christian Esteve Rothenberg (UNICAMP), Jos\u00e9 Ferreira de Rezende (UFRJ), Flavio de Oliveira Silva (University of Minho, Portugal), Serge Fdida (Universite Pierre et Marie Curie, France), Akihiro Nakao (The University of Tokyo, Japan), Thomas Magedanz (TU, Germany), Manu Gosain (Northeastern University, U.S.A)\u00a0 XXVII Workshop de Testes e Toler\u00e2ncia a Falhas (WTF) &#8211; Proponente: Gustavo Rau de Almeida Callou (Federal Rural University of Pernambuco) I Workshop de Intelig\u00eancia Artificial para Redes de Computadores (WIARC 2026) &#8211;Proponentes: Helder Oliveira (USP), Joahannes Bruno Dias da Costa (UNIFESP)\u00a0 Datas Importantes Submiss\u00e3o de propostas de workshops: 14\/11\/2025, 07\/11\/2025 Notifica\u00e7\u00e3o dos workshops aceitos: 14\/12\/2025 Submeter proposta Apresenta\u00e7\u00e3o Os Workshops do SBRC s\u00e3o eventos sat\u00e9lites que oferecem oportunidades para discuss\u00f5es focadas em t\u00f3picos selecionados, adotando din\u00e2micas de trabalho alternativas \u00e0 Trilha Principal do SBRC, podendo incluir apresenta\u00e7\u00e3o de artigos, tutoriais, palestras e\/ou pain\u00e9is, etc. Os workshops enriquecem e complementam o SBRC possibilitando o tratamento de t\u00f3picos emergentes, a submiss\u00e3o e troca de ideias sobre trabalhos de pesquisa em andamento, assim como a discuss\u00e3o mais aprofundada sobre temas j\u00e1 consolidados das \u00e1reas de Redes de Computadores e Sistemas Distribu\u00eddos. Para a quadrag\u00e9sima quarta edi\u00e7\u00e3o do SBRC, o Comit\u00ea Organizador do simp\u00f3sio convida pesquisadores a submeterem propostas de workshops a serem realizados em conjunto com o simp\u00f3sio abrangendo t\u00f3picos de interesse da comunidade de Redes de Computadores e Sistemas Distribu\u00eddos. As propostas de workshops dever\u00e3o ser submetidas atrav\u00e9s do sistema JEMS3 da SBC. Como nos anos anteriores, os workshops poder\u00e3o ter dura\u00e7\u00e3o de um dia inteiro ou de metade de um dia, favorecendo a estrutura\u00e7\u00e3o mais conveniente de acordo com o tema abordado. A decis\u00e3o sobre a dura\u00e7\u00e3o do workshop e a data de realiza\u00e7\u00e3o \u00e9 uma prerrogativa da organiza\u00e7\u00e3o do SBRC 2026, sendo determinadas de acordo com o hist\u00f3rico de participantes e submiss\u00f5es dos workshops, bem como com a disponibilidade f\u00edsica alocada para o SBRC. Instru\u00e7\u00f5es para Submiss\u00e3o de Propostas Propostas de workshops dever\u00e3o incluir os seguintes itens: T\u00edtulo do workshop; Nome, e-mail e institui\u00e7\u00e3o de v\u00ednculo de cada um dos organizadores do workshop proposto; Breve hist\u00f3rico da atua\u00e7\u00e3o dos organizadores na \u00e1rea do workshop proposto; Breve descri\u00e7\u00e3o t\u00e9cnica do workshop, foco e justificativa para que o tema abordado seja tratado no contexto de um workshop do SBRC (m\u00e1ximo uma p\u00e1gina); Descri\u00e7\u00e3o da din\u00e2mica do workshop, incluindo previs\u00e3o de palestras, pain\u00e9is, tutoriais e uma breve descri\u00e7\u00e3o do processo de revis\u00e3o (inclusive o n\u00famero esperado de trabalhos aceitos); Chamada de Trabalhos (em uma p\u00e1gina) do workshop. Visando a acomodar junto \u00e0s datas previstas do SBRC, os prazos a constarem na Chamada de Trabalhos do workshop proposto devem ser necessariamente os seguintes: Submiss\u00e3o de artigos: 20\/03\/2026 Comunica\u00e7\u00e3o de resultados: 17\/04\/2026 Envio de vers\u00e3o final dos artigos aceitos: 24\/04\/2026 Breve plano de dissemina\u00e7\u00e3o (por exemplo, como divulgar o workshop ou poss\u00edveis submiss\u00f5es para edi\u00e7\u00f5es especiais de peri\u00f3dicos) e o n\u00famero esperado de participantes. No caso de proposta de nova edi\u00e7\u00e3o de um workshop j\u00e1 realizado anteriormente no SBRC, incluir: Breve hist\u00f3rico das edi\u00e7\u00f5es anteriores e classifica\u00e7\u00e3o no Qualis-CAPES (se possuir); Lista dos organizadores do evento nas \u00faltimas cinco edi\u00e7\u00f5es; N\u00famero de artigos submetidos e aceitos nas \u00faltimas cinco edi\u00e7\u00f5es, e; N\u00famero de participantes nas \u00faltimas cinco edi\u00e7\u00f5es. A avalia\u00e7\u00e3o das propostas levar\u00e1 em conta o potencial do workshop de atrair participantes, de fomentar a renova\u00e7\u00e3o dos organizadores, de produzir bons resultados e de abordar t\u00f3picos emergentes e transversais \u00e0 Trilha Principal do SBRC que interessam a uma parcela substancial da comunidade. Todos os artigos aceitos nos workshops dever\u00e3o ser enviados \u00e0 Coordena\u00e7\u00e3o de Publica\u00e7\u00f5es do SBRC 2026 no dia 27\/04\/2026. Os anais dos workshops ser\u00e3o publicados na biblioteca digital da SBC, a SBC OpenLib (SOL) Coordena\u00e7\u00e3o Miguel Elias Mitre Campista (UFRJ) Comit\u00ea de Sele\u00e7\u00e3o Em forma\u00e7\u00e3o<\/p>\n","protected":false},"author":8,"featured_media":0,"parent":0,"menu_order":0,"comment_status":"closed","ping_status":"closed","template":"","meta":{"footnotes":""},"class_list":["post-4492","page","type-page","status-publish","hentry"],"_links":{"self":[{"href":"https:\/\/sbrc.sbc.org.br\/2026\/wp-json\/wp\/v2\/pages\/4492","targetHints":{"allow":["GET"]}}],"collection":[{"href":"https:\/\/sbrc.sbc.org.br\/2026\/wp-json\/wp\/v2\/pages"}],"about":[{"href":"https:\/\/sbrc.sbc.org.br\/2026\/wp-json\/wp\/v2\/types\/page"}],"author":[{"embeddable":true,"href":"https:\/\/sbrc.sbc.org.br\/2026\/wp-json\/wp\/v2\/users\/8"}],"replies":[{"embeddable":true,"href":"https:\/\/sbrc.sbc.org.br\/2026\/wp-json\/wp\/v2\/comments?post=4492"}],"version-history":[{"count":16,"href":"https:\/\/sbrc.sbc.org.br\/2026\/wp-json\/wp\/v2\/pages\/4492\/revisions"}],"predecessor-version":[{"id":4899,"href":"https:\/\/sbrc.sbc.org.br\/2026\/wp-json\/wp\/v2\/pages\/4492\/revisions\/4899"}],"wp:attachment":[{"href":"https:\/\/sbrc.sbc.org.br\/2026\/wp-json\/wp\/v2\/media?parent=4492"}],"curies":[{"name":"wp","href":"https:\/\/api.w.org\/{rel}","templated":true}]}}