{"id":501,"date":"2022-10-21T23:10:27","date_gmt":"2022-10-22T02:10:27","guid":{"rendered":"https:\/\/sbrc.sbc.org.br\/2023\/?page_id=501"},"modified":"2023-05-19T17:45:50","modified_gmt":"2023-05-19T20:45:50","slug":"patrocinadores","status":"publish","type":"page","link":"https:\/\/sbrc.sbc.org.br\/2023\/patrocinadores\/","title":{"rendered":"Patrocinadores"},"content":{"rendered":"\n<div class=\"wp-block-columns is-layout-flex wp-container-core-columns-is-layout-9d6595d7 wp-block-columns-is-layout-flex\">\n<div class=\"wp-block-column is-layout-flow wp-block-column-is-layout-flow\">\n<h2 class=\"wp-block-heading has-colibri-color-6-color has-text-color\">Patroc\u00ednio:<\/h2>\n\n\n\n<div style=\"height:30px\" aria-hidden=\"true\" class=\"wp-block-spacer\"><\/div>\n\n\n\n<figure class=\"wp-block-image size-full is-resized\"><a href=\"https:\/\/www.fap.df.gov.br\/\" target=\"_blank\" rel=\"noreferrer noopener\"><img decoding=\"async\" src=\"https:\/\/sbrc.sbc.org.br\/2023\/wp-content\/uploads\/2023\/05\/fap-df.png\" alt=\"\" class=\"wp-image-2770\" width=\"200\" srcset=\"https:\/\/sbrc.sbc.org.br\/2023\/wp-content\/uploads\/2023\/05\/fap-df.png 622w, https:\/\/sbrc.sbc.org.br\/2023\/wp-content\/uploads\/2023\/05\/fap-df-300x193.png 300w\" sizes=\"(max-width: 622px) 100vw, 622px\" \/><\/a><\/figure>\n\n\n\n<div style=\"height:30px\" aria-hidden=\"true\" class=\"wp-block-spacer\"><\/div>\n\n\n\n<figure class=\"wp-block-image size-large is-resized\"><a href=\"https:\/\/www.cgi.br\/\" target=\"_blank\" rel=\"noreferrer noopener\"><img decoding=\"async\" src=\"https:\/\/sbrc.sbc.org.br\/2023\/wp-content\/uploads\/2023\/05\/logo_cgi_nic-1024x298.png\" alt=\"\" class=\"wp-image-3297\" width=\"200\" srcset=\"https:\/\/sbrc.sbc.org.br\/2023\/wp-content\/uploads\/2023\/05\/logo_cgi_nic-1024x298.png 1024w, https:\/\/sbrc.sbc.org.br\/2023\/wp-content\/uploads\/2023\/05\/logo_cgi_nic-300x87.png 300w, https:\/\/sbrc.sbc.org.br\/2023\/wp-content\/uploads\/2023\/05\/logo_cgi_nic-768x223.png 768w, https:\/\/sbrc.sbc.org.br\/2023\/wp-content\/uploads\/2023\/05\/logo_cgi_nic.png 1497w\" sizes=\"(max-width: 1024px) 100vw, 1024px\" \/><\/a><\/figure>\n\n\n\n<div style=\"height:30px\" aria-hidden=\"true\" class=\"wp-block-spacer\"><\/div>\n\n\n\n<figure class=\"wp-block-image size-large is-resized\"><a href=\"http:\/\/www.cnpq.br\/\" target=\"_blank\" rel=\"noreferrer noopener\"><img decoding=\"async\" src=\"https:\/\/sbrc.sbc.org.br\/2023\/wp-content\/uploads\/2022\/12\/logo-cnpq-1024x315.png\" alt=\"\" class=\"wp-image-1027\" width=\"200\" srcset=\"https:\/\/sbrc.sbc.org.br\/2023\/wp-content\/uploads\/2022\/12\/logo-cnpq-1024x315.png 1024w, https:\/\/sbrc.sbc.org.br\/2023\/wp-content\/uploads\/2022\/12\/logo-cnpq-300x92.png 300w, https:\/\/sbrc.sbc.org.br\/2023\/wp-content\/uploads\/2022\/12\/logo-cnpq-768x236.png 768w, https:\/\/sbrc.sbc.org.br\/2023\/wp-content\/uploads\/2022\/12\/logo-cnpq-1536x473.png 1536w, https:\/\/sbrc.sbc.org.br\/2023\/wp-content\/uploads\/2022\/12\/logo-cnpq-2048x631.png 2048w\" sizes=\"(max-width: 1024px) 100vw, 1024px\" \/><\/a><\/figure>\n\n\n\n<div style=\"height:30px\" aria-hidden=\"true\" class=\"wp-block-spacer\"><\/div>\n\n\n\n<figure class=\"wp-block-image size-full\"><a href=\"https:\/\/www.arubanetworks.com\/br\/\" target=\"_blank\" rel=\"noreferrer noopener\"><img loading=\"lazy\" decoding=\"async\" width=\"202\" height=\"98\" src=\"https:\/\/sbrc.sbc.org.br\/2023\/wp-content\/uploads\/2023\/01\/logo_aruba.png\" alt=\"\" class=\"wp-image-1327\"\/><\/a><\/figure>\n\n\n\n<div style=\"height:30px\" aria-hidden=\"true\" class=\"wp-block-spacer\"><\/div>\n\n\n\n<figure class=\"wp-block-image size-full\"><a href=\"https:\/\/www.calriz.com\/\" target=\"_blank\" rel=\"noreferrer noopener\"><img loading=\"lazy\" decoding=\"async\" width=\"205\" height=\"75\" src=\"https:\/\/sbrc.sbc.org.br\/2023\/wp-content\/uploads\/2023\/03\/calriz-1.png\" alt=\"\" class=\"wp-image-1974\"\/><\/a><\/figure>\n\n\n\n<div style=\"height:180px\" aria-hidden=\"true\" class=\"wp-block-spacer\"><\/div>\n<\/div>\n\n\n\n<div class=\"wp-block-column is-layout-flow wp-block-column-is-layout-flow\">\n<h2 class=\"wp-block-heading has-colibri-color-6-color has-text-color\">Apoio:<\/h2>\n\n\n\n<div style=\"height:30px\" aria-hidden=\"true\" class=\"wp-block-spacer\"><\/div>\n\n\n\n<figure class=\"wp-block-image size-large is-resized\"><a href=\"https:\/\/www.rnp.br\/\" target=\"_blank\" rel=\"noreferrer noopener\"><img decoding=\"async\" src=\"https:\/\/sbrc.sbc.org.br\/2023\/wp-content\/uploads\/2022\/12\/logo-rnp-1-1024x468.png\" alt=\"\" class=\"wp-image-1033\" width=\"180\" srcset=\"https:\/\/sbrc.sbc.org.br\/2023\/wp-content\/uploads\/2022\/12\/logo-rnp-1-1024x468.png 1024w, https:\/\/sbrc.sbc.org.br\/2023\/wp-content\/uploads\/2022\/12\/logo-rnp-1-300x137.png 300w, https:\/\/sbrc.sbc.org.br\/2023\/wp-content\/uploads\/2022\/12\/logo-rnp-1-768x351.png 768w, https:\/\/sbrc.sbc.org.br\/2023\/wp-content\/uploads\/2022\/12\/logo-rnp-1.png 1412w\" sizes=\"(max-width: 1024px) 100vw, 1024px\" \/><\/a><\/figure>\n\n\n\n<div style=\"height:30px\" aria-hidden=\"true\" class=\"wp-block-spacer\"><\/div>\n\n\n\n<figure class=\"wp-block-image size-large is-resized\"><a href=\"https:\/\/gigacandanga.net.br\/\" target=\"_blank\" rel=\"noreferrer noopener\"><img decoding=\"async\" src=\"https:\/\/sbrc.sbc.org.br\/2023\/wp-content\/uploads\/2023\/03\/logo-giga-candanga-1024x627.png\" alt=\"\" class=\"wp-image-1479\" width=\"180\" srcset=\"https:\/\/sbrc.sbc.org.br\/2023\/wp-content\/uploads\/2023\/03\/logo-giga-candanga-1024x627.png 1024w, https:\/\/sbrc.sbc.org.br\/2023\/wp-content\/uploads\/2023\/03\/logo-giga-candanga-300x184.png 300w, https:\/\/sbrc.sbc.org.br\/2023\/wp-content\/uploads\/2023\/03\/logo-giga-candanga-768x470.png 768w, https:\/\/sbrc.sbc.org.br\/2023\/wp-content\/uploads\/2023\/03\/logo-giga-candanga-1536x941.png 1536w, https:\/\/sbrc.sbc.org.br\/2023\/wp-content\/uploads\/2023\/03\/logo-giga-candanga.png 1829w\" sizes=\"(max-width: 1024px) 100vw, 1024px\" \/><\/a><\/figure>\n\n\n\n<div style=\"height:140px\" aria-hidden=\"true\" class=\"wp-block-spacer\"><\/div>\n\n\n\n<h2 class=\"wp-block-heading\">Ag\u00eancia Oficial:<\/h2>\n\n\n\n<figure class=\"wp-block-image size-full is-resized\"><a href=\"http:\/\/www.rsturismoeventos.com.br\/\" target=\"_blank\" rel=\"noreferrer noopener\"><img decoding=\"async\" src=\"https:\/\/sbrc.sbc.org.br\/2023\/wp-content\/uploads\/2023\/03\/logoRSTurismo.png\" alt=\"\" class=\"wp-image-1535\" width=\"180\" srcset=\"https:\/\/sbrc.sbc.org.br\/2023\/wp-content\/uploads\/2023\/03\/logoRSTurismo.png 333w, https:\/\/sbrc.sbc.org.br\/2023\/wp-content\/uploads\/2023\/03\/logoRSTurismo-300x300.png 300w, https:\/\/sbrc.sbc.org.br\/2023\/wp-content\/uploads\/2023\/03\/logoRSTurismo-150x150.png 150w\" sizes=\"(max-width: 333px) 100vw, 333px\" \/><\/a><\/figure>\n\n\n\n<div style=\"height:180px\" aria-hidden=\"true\" class=\"wp-block-spacer\"><\/div>\n<\/div>\n<\/div>\n\n\n\n<h1 class=\"wp-block-heading has-x-large-font-size\" style=\"text-transform:none\"><strong>Torne-se um Patrocinador<\/strong><\/h1>\n\n\n\n<p>Ficamos felizes em convidar sua institui\u00e7\u00e3o para uma parceria com a <strong>41\u00aa edi\u00e7\u00e3o do<\/strong>&nbsp;<strong>Simp\u00f3sio Brasileiro de Redes de Computadores e Sistemas Distribu\u00eddos (SBRC 2023)<\/strong>. O SBRC \u00e9 um evento anual realizado pela <a rel=\"noreferrer noopener\" href=\"https:\/\/sbc.org.br\/\" target=\"_blank\">Sociedade Brasileira de Computa\u00e7\u00e3o (SBC)<\/a> e pelo Laborat\u00f3rio de Redes de Computadores (LARC). Ao longo de mais de tr\u00eas d\u00e9cadas de realiza\u00e7\u00e3o, o SBRC \ufb01rmou-se como o mais importante evento cient\u00ed\ufb01co nacional em redes de computadores e sistemas distribu\u00eddos dentre os eventos realizados pela SBC.<\/p>\n\n\n\n<div style=\"height:50px\" aria-hidden=\"true\" class=\"wp-block-spacer\"><\/div>\n\n\n\n<h2 class=\"wp-block-heading\">Stand de divulga\u00e7\u00e3o<\/h2>\n\n\n\n<figure class=\"wp-block-image size-large\"><img loading=\"lazy\" decoding=\"async\" width=\"1024\" height=\"586\" src=\"https:\/\/sbrc.sbc.org.br\/2023\/wp-content\/uploads\/2022\/10\/stand1-1024x586.jpeg\" alt=\"\" class=\"wp-image-503\" srcset=\"https:\/\/sbrc.sbc.org.br\/2023\/wp-content\/uploads\/2022\/10\/stand1-1024x586.jpeg 1024w, https:\/\/sbrc.sbc.org.br\/2023\/wp-content\/uploads\/2022\/10\/stand1-300x172.jpeg 300w, https:\/\/sbrc.sbc.org.br\/2023\/wp-content\/uploads\/2022\/10\/stand1-768x440.jpeg 768w, https:\/\/sbrc.sbc.org.br\/2023\/wp-content\/uploads\/2022\/10\/stand1.jpeg 1280w\" sizes=\"auto, (max-width: 1024px) 100vw, 1024px\" \/><\/figure>\n\n\n\n<figure class=\"wp-block-image size-large\"><img loading=\"lazy\" decoding=\"async\" width=\"1024\" height=\"584\" src=\"https:\/\/sbrc.sbc.org.br\/2023\/wp-content\/uploads\/2022\/10\/stan2-1024x584.jpeg\" alt=\"\" class=\"wp-image-502\" srcset=\"https:\/\/sbrc.sbc.org.br\/2023\/wp-content\/uploads\/2022\/10\/stan2-1024x584.jpeg 1024w, https:\/\/sbrc.sbc.org.br\/2023\/wp-content\/uploads\/2022\/10\/stan2-300x171.jpeg 300w, https:\/\/sbrc.sbc.org.br\/2023\/wp-content\/uploads\/2022\/10\/stan2-768x438.jpeg 768w, https:\/\/sbrc.sbc.org.br\/2023\/wp-content\/uploads\/2022\/10\/stan2.jpeg 1280w\" sizes=\"auto, (max-width: 1024px) 100vw, 1024px\" \/><\/figure>\n\n\n\n<figure class=\"wp-block-image size-large\"><img loading=\"lazy\" decoding=\"async\" width=\"1024\" height=\"588\" src=\"https:\/\/sbrc.sbc.org.br\/2023\/wp-content\/uploads\/2022\/10\/stand3-1024x588.jpeg\" alt=\"\" class=\"wp-image-504\" srcset=\"https:\/\/sbrc.sbc.org.br\/2023\/wp-content\/uploads\/2022\/10\/stand3-1024x588.jpeg 1024w, https:\/\/sbrc.sbc.org.br\/2023\/wp-content\/uploads\/2022\/10\/stand3-300x172.jpeg 300w, https:\/\/sbrc.sbc.org.br\/2023\/wp-content\/uploads\/2022\/10\/stand3-768x441.jpeg 768w, https:\/\/sbrc.sbc.org.br\/2023\/wp-content\/uploads\/2022\/10\/stand3.jpeg 1280w\" sizes=\"auto, (max-width: 1024px) 100vw, 1024px\" \/><\/figure>\n\n\n\n<div style=\"height:50px\" aria-hidden=\"true\" class=\"wp-block-spacer\"><\/div>\n\n\n\n<h2 class=\"wp-block-heading\">Categorias de patroc\u00ednio<\/h2>\n\n\n\n<p>O conjunto de benef\u00edcios oferecidos pela organiza\u00e7\u00e3o depende da categoria de patroc\u00ednio.&nbsp;S\u00e3o oferecidas seis categorias de patroc\u00ednio, cada uma contemplando um&nbsp;conjunto de benef\u00edcios (que podem ser personalizados conforme necess\u00e1rio):&nbsp;<\/p>\n\n\n\n<div class=\"wp-block-columns is-layout-flex wp-container-core-columns-is-layout-9d6595d7 wp-block-columns-is-layout-flex\">\n<div class=\"wp-block-column is-layout-flow wp-block-column-is-layout-flow\">\n<figure class=\"wp-block-image size-full\"><img loading=\"lazy\" decoding=\"async\" width=\"350\" height=\"697\" src=\"https:\/\/sbrc.sbc.org.br\/2023\/wp-content\/uploads\/2022\/10\/6infinity.jpeg\" alt=\"\" class=\"wp-image-604\" srcset=\"https:\/\/sbrc.sbc.org.br\/2023\/wp-content\/uploads\/2022\/10\/6infinity.jpeg 350w, https:\/\/sbrc.sbc.org.br\/2023\/wp-content\/uploads\/2022\/10\/6infinity-151x300.jpeg 151w\" sizes=\"auto, (max-width: 350px) 100vw, 350px\" \/><\/figure>\n<\/div>\n\n\n\n<div class=\"wp-block-column is-layout-flow wp-block-column-is-layout-flow\">\n<figure class=\"wp-block-image size-full\"><img loading=\"lazy\" decoding=\"async\" width=\"351\" height=\"697\" src=\"https:\/\/sbrc.sbc.org.br\/2023\/wp-content\/uploads\/2022\/10\/5platinum.jpeg\" alt=\"\" class=\"wp-image-603\" srcset=\"https:\/\/sbrc.sbc.org.br\/2023\/wp-content\/uploads\/2022\/10\/5platinum.jpeg 351w, https:\/\/sbrc.sbc.org.br\/2023\/wp-content\/uploads\/2022\/10\/5platinum-151x300.jpeg 151w\" sizes=\"auto, (max-width: 351px) 100vw, 351px\" \/><\/figure>\n<\/div>\n\n\n\n<div class=\"wp-block-column is-layout-flow wp-block-column-is-layout-flow\">\n<figure class=\"wp-block-image size-full\"><img loading=\"lazy\" decoding=\"async\" width=\"351\" height=\"478\" src=\"https:\/\/sbrc.sbc.org.br\/2023\/wp-content\/uploads\/2022\/10\/4diamante.jpeg\" alt=\"\" class=\"wp-image-602\" srcset=\"https:\/\/sbrc.sbc.org.br\/2023\/wp-content\/uploads\/2022\/10\/4diamante.jpeg 351w, https:\/\/sbrc.sbc.org.br\/2023\/wp-content\/uploads\/2022\/10\/4diamante-220x300.jpeg 220w\" sizes=\"auto, (max-width: 351px) 100vw, 351px\" \/><\/figure>\n<\/div>\n<\/div>\n\n\n\n<div class=\"wp-block-columns is-layout-flex wp-container-core-columns-is-layout-9d6595d7 wp-block-columns-is-layout-flex\">\n<div class=\"wp-block-column is-layout-flow wp-block-column-is-layout-flow\">\n<figure class=\"wp-block-image size-full\"><img loading=\"lazy\" decoding=\"async\" width=\"351\" height=\"478\" src=\"https:\/\/sbrc.sbc.org.br\/2023\/wp-content\/uploads\/2022\/10\/3ouro.jpeg\" alt=\"\" class=\"wp-image-601\" srcset=\"https:\/\/sbrc.sbc.org.br\/2023\/wp-content\/uploads\/2022\/10\/3ouro.jpeg 351w, https:\/\/sbrc.sbc.org.br\/2023\/wp-content\/uploads\/2022\/10\/3ouro-220x300.jpeg 220w\" sizes=\"auto, (max-width: 351px) 100vw, 351px\" \/><\/figure>\n<\/div>\n\n\n\n<div class=\"wp-block-column is-layout-flow wp-block-column-is-layout-flow\">\n<figure class=\"wp-block-image size-full\"><img loading=\"lazy\" decoding=\"async\" width=\"350\" height=\"478\" src=\"https:\/\/sbrc.sbc.org.br\/2023\/wp-content\/uploads\/2022\/10\/2prata.jpeg\" alt=\"\" class=\"wp-image-600\" srcset=\"https:\/\/sbrc.sbc.org.br\/2023\/wp-content\/uploads\/2022\/10\/2prata.jpeg 350w, https:\/\/sbrc.sbc.org.br\/2023\/wp-content\/uploads\/2022\/10\/2prata-220x300.jpeg 220w\" sizes=\"auto, (max-width: 350px) 100vw, 350px\" \/><\/figure>\n<\/div>\n\n\n\n<div class=\"wp-block-column is-layout-flow wp-block-column-is-layout-flow\">\n<figure class=\"wp-block-image size-full\"><img loading=\"lazy\" decoding=\"async\" width=\"351\" height=\"478\" src=\"https:\/\/sbrc.sbc.org.br\/2023\/wp-content\/uploads\/2022\/10\/1bronze.jpeg\" alt=\"\" class=\"wp-image-599\" srcset=\"https:\/\/sbrc.sbc.org.br\/2023\/wp-content\/uploads\/2022\/10\/1bronze.jpeg 351w, https:\/\/sbrc.sbc.org.br\/2023\/wp-content\/uploads\/2022\/10\/1bronze-220x300.jpeg 220w\" sizes=\"auto, (max-width: 351px) 100vw, 351px\" \/><\/figure>\n<\/div>\n<\/div>\n\n\n\n<p>Temos certeza de que h\u00e1 v\u00e1rias oportunidades que podemos explorar para \ufb01rmarmos&nbsp;uma parceria frut\u00edfera durante o SBRC 2023. Caso voc\u00ea esteja interessado, podemos agendar uma reuni\u00e3o para discutir pessoalmente e organizar um patroc\u00ednio&nbsp;personalizado, adaptado aos seus interesses e necessidades. O valor da cota de patroc\u00ednio poder\u00e1 ser dividido e as datas de pagamento poder\u00e3o ser negociadas, desde que&nbsp;o pagamento da \u00faltima parcela seja efetuado at\u00e9 30 de abril de 2023.<\/p>\n\n\n\n<p><em>(*) A inclus\u00e3o da logomarca nos diversos materiais gr\u00e1\ufb01cos est\u00e1 garantida se o patroc\u00ednio for aprovado antes da&nbsp;elabora\u00e7\u00e3o dos materiais (pelo menos 30 dias antes do in\u00edcio do evento).<\/em><br><em>(**) O uso de estandes por patrocinadores das categorias Ouro, Prata e Bronze pode ser poss\u00edvel, se negociado&nbsp;com o comit\u00ea de organiza\u00e7\u00e3o previamente e se o patrocinador se responsabilizar pelos custos associados.<\/em><\/p>\n\n\n\n<p><\/p>\n","protected":false},"excerpt":{"rendered":"<p>Patroc\u00ednio: Apoio: Ag\u00eancia Oficial: Torne-se um Patrocinador Ficamos felizes em convidar sua institui\u00e7\u00e3o para uma parceria com a 41\u00aa edi\u00e7\u00e3o do&nbsp;Simp\u00f3sio Brasileiro de Redes de Computadores e Sistemas Distribu\u00eddos (SBRC 2023). O SBRC \u00e9 um evento anual realizado pela Sociedade Brasileira de Computa\u00e7\u00e3o (SBC) e pelo Laborat\u00f3rio de Redes de Computadores (LARC). Ao longo de [&hellip;]<\/p>\n","protected":false},"author":3,"featured_media":0,"parent":0,"menu_order":0,"comment_status":"closed","ping_status":"closed","template":"","meta":{"footnotes":""},"class_list":["post-501","page","type-page","status-publish","hentry"],"_links":{"self":[{"href":"https:\/\/sbrc.sbc.org.br\/2023\/wp-json\/wp\/v2\/pages\/501","targetHints":{"allow":["GET"]}}],"collection":[{"href":"https:\/\/sbrc.sbc.org.br\/2023\/wp-json\/wp\/v2\/pages"}],"about":[{"href":"https:\/\/sbrc.sbc.org.br\/2023\/wp-json\/wp\/v2\/types\/page"}],"author":[{"embeddable":true,"href":"https:\/\/sbrc.sbc.org.br\/2023\/wp-json\/wp\/v2\/users\/3"}],"replies":[{"embeddable":true,"href":"https:\/\/sbrc.sbc.org.br\/2023\/wp-json\/wp\/v2\/comments?post=501"}],"version-history":[{"count":50,"href":"https:\/\/sbrc.sbc.org.br\/2023\/wp-json\/wp\/v2\/pages\/501\/revisions"}],"predecessor-version":[{"id":3339,"href":"https:\/\/sbrc.sbc.org.br\/2023\/wp-json\/wp\/v2\/pages\/501\/revisions\/3339"}],"wp:attachment":[{"href":"https:\/\/sbrc.sbc.org.br\/2023\/wp-json\/wp\/v2\/media?parent=501"}],"curies":[{"name":"wp","href":"https:\/\/api.w.org\/{rel}","templated":true}]}}