{"id":3202,"date":"2023-05-16T23:16:30","date_gmt":"2023-05-17T02:16:30","guid":{"rendered":"https:\/\/sbrc.sbc.org.br\/2023\/?page_id=3202"},"modified":"2023-05-19T14:37:35","modified_gmt":"2023-05-19T17:37:35","slug":"musas","status":"publish","type":"page","link":"https:\/\/sbrc.sbc.org.br\/2023\/musas\/","title":{"rendered":"MUSAS \u2013 MUlheres em redeS de computadores e sistemAs diStribu\u00eddos"},"content":{"rendered":"\n<h1 class=\"wp-block-heading\">Apresenta\u00e7\u00e3o<\/h1>\n\n\n\n<p>O evento <em>MUSAS (MUlheres em redeS de computadores e sistemAs diStribu\u00eddos) <\/em>visa encorajar conex\u00f5es entre mulheres pesquisadoras, estudantes e profissionais da \u00e1rea de redes de computadores, sistemas distribu\u00eddos e outras relacionadas.&nbsp; Este evento pioneiro na \u00e1rea de redes de computadores e sistemas distribu\u00eddos no Brasil teve in\u00edcio no ano de 2019 no SBRC.<\/p>\n\n\n\n<p>O evento tamb\u00e9m incentiva fortemente a participa\u00e7\u00e3o de homens que compartilham os mesmos interesses de pesquisa, enfrentam dificuldades de carreira semelhantes \u00e0s das mulheres, reconhecem a sub-representa\u00e7\u00e3o de mulheres e outros grupos que acreditam na necessidade de a\u00e7\u00f5es proativas para melhorar a taxa de integra\u00e7\u00e3o das mulheres, promover a diversidade de g\u00eanero na \u00e1rea, e motivar mulheres a seguir carreira em TIC.<\/p>\n\n\n\n<p>Em sua quinta edi\u00e7\u00e3o, o evento MUSAS traz a tem\u00e1tica <strong>\u201cA Import\u00e2ncia de contar a Hist\u00f3ria das Mulheres\u201d <\/strong>para o centro da discuss\u00e3o. Em especial, o evento contar\u00e1 com palestrantes e painelistas que s\u00e3o mulheres pesquisadoras e profissionais bem-sucedidas em suas carreiras no Brasil e no exterior, apresentando os desafios de serem reconhecidas pelos seus resultados na vis\u00e3o da academia e do mercado. O MUSAS tamb\u00e9m contar\u00e1 a experi\u00eancia de 13 anos do <a href=\"https:\/\/www.meninas.cic.unb.br\/\" target=\"_blank\" rel=\"noreferrer noopener\">Meninas.comp<\/a>, um projeto pioneiro da UnB que atua na Pesquisa, Extens\u00e3o e Ensino para motivar e fomentar a diversidade na \u00e1rea de TIC.<\/p>\n\n\n\n<div style=\"height:50px\" aria-hidden=\"true\" class=\"wp-block-spacer\"><\/div>\n\n\n\n<h1 class=\"wp-block-heading\">Programa\u00e7\u00e3o &#8211; Quinta-feira (25\/05)<\/h1>\n\n\n\n<figure class=\"wp-block-table table table-rolagem table-bordered is-style-stripes table-center-td\">\n\n<table>\n\t<thead>\n\t\t<tr>\n\t\t\t<td><strong>Hor\u00e1rio<\/strong><\/td>\n\t\t\t<td style=\"text-align:center\"><strong>Atividade<\/strong><\/td>\n\t\t<\/tr>\n\t<\/thead>\n\t<tbody>\n\t\t<tr>\n\t\t\t<td>14:00 \u00e0s 14:10<\/td>\n\t\t\t<td>Abertura<\/td>\n\t\t<\/tr>\n\t\t<tr>\n\t\t\t<td>14:10 \u00e0s 14:30<\/td>\n\t\t\t<td><b>Palestra: Projeto Meninas.comp conta sua hist\u00f3ria<\/b><br>\nAlet\u00e9ia Patr\u00edcia Favacho de Ara\u00fajo \u2013 UnB<\/td>\n\n\t\t<\/tr>\n\t\t<tr>\n\t\t\t<td>14:30 \u00e0s 15:30<\/td>\n\t\t\t<td><b>Palestra: Meu Percurso n\u00e3o Bin\u00e1rio na Computa\u00e7\u00e3o<\/b><br>\nTanara Lauschner \u2013 CGI.br e UFAM<\/td>\n\t\n\t\t<\/tr>\n\t\t<tr>\n\t\t\t<td class=\"c_coffee\">15:30 \u00e0s 16:00<\/td>\n\t\t\t<td class=\"c_coffee\">Intervalo<\/td>\n\t\t\n\t\t<\/tr>\n\t\t<tr>\n\t\t\t<td>16:00 \u00e0s 17:20<\/td>\n\t\t\t<td><b>Mesa-redonda: O protagonismo das Mulheres na Computa\u00e7\u00e3o<\/b><br><br>\nModeradora:<br>\n\nAlba Melo \u2013 UnB<br><br>\n\nPainelistas:<br>\n\nIara Machado \u2013 RNP<br>\n\nMichelle Wangham \u2013 UNIVALI<br>\n\nRossana Andrade \u2013 UFC<br>\n\nTanara Lauschner \u2013 CGI.br e UFAM<\/td>\n\n\t\t<\/tr>\n\t\t<tr>\n\t\t\t<td>17:20 \u00e0s 17:30<\/td>\n\t\t\t<td>Encerramento<\/td>\n\t\t\n\t\t<\/tr>\n\n\t<\/tbody>\n<\/table>\n\n<\/figure>\n\n\n\n<p><\/p>\n\n\n\n<div style=\"height:70px\" aria-hidden=\"true\" class=\"wp-block-spacer\"><\/div>\n\n\n\n<h1 class=\"wp-block-heading\"><strong>Sobre as Palestrantes<\/strong><\/h1>\n\n\n\n<div class=\"wp-block-columns is-layout-flex wp-container-core-columns-is-layout-9d6595d7 wp-block-columns-is-layout-flex\">\n<div class=\"wp-block-column is-layout-flow wp-block-column-is-layout-flow\"><div class=\"wp-block-image is-style-rounded\">\n<figure class=\"aligncenter size-full is-resized\"><img loading=\"lazy\" decoding=\"async\" src=\"https:\/\/sbrc.sbc.org.br\/2023\/wp-content\/uploads\/2023\/05\/alba_melo-1.jpeg\" alt=\"\" class=\"wp-image-3270\" width=\"220\" height=\"220\" srcset=\"https:\/\/sbrc.sbc.org.br\/2023\/wp-content\/uploads\/2023\/05\/alba_melo-1.jpeg 406w, https:\/\/sbrc.sbc.org.br\/2023\/wp-content\/uploads\/2023\/05\/alba_melo-1-300x300.jpeg 300w, https:\/\/sbrc.sbc.org.br\/2023\/wp-content\/uploads\/2023\/05\/alba_melo-1-150x150.jpeg 150w\" sizes=\"auto, (max-width: 220px) 100vw, 220px\" \/><\/figure>\n<\/div>\n\n\n<p class=\"has-text-align-center\"><strong>Alba Melo \u2013 UnB<\/strong><\/p>\n\n\n\n<p class=\"has-text-align-center\">Obteve seu doutorado em Ci\u00eancia da Computa\u00e7\u00e3o pelo <em>Institut National Polytechnique de Grenoble (INPG)<\/em>, Fran\u00e7a, em 1996. Desde 1997, trabalha no Departamento de Ci\u00eancia da Computa\u00e7\u00e3o da Universidade de Bras\u00edlia, Brasil, onde atua como Professor Titular. A Profa. Alba Melo \u00e9 <em>IEEE Senior Member, Latin America Coordinator of the IEEE Technical Community of Parallel Processing (TCPP)<\/em>, Membro do BRICS (Brasil, R\u00fassia, \u00cdndia, China e \u00c1frica do Sul) Grupo de Trabalho em Computa\u00e7\u00e3o de Alto Desempenho, N\u00edvel Pesquisador do CNPq Brasileiro 1C e Membro do Conselho da Sociedade Brasileira de Computa\u00e7\u00e3o. A Profa. Melo \u00e9 Editora Associada de v\u00e1rias revistas de prest\u00edgio, tais como <em>IEEE Transactions on Computers, Journal of Parallel and Distributed Computing<\/em> e <em>Future Generation Computer Systems<\/em>. Ela tamb\u00e9m atuou como membro do Comit\u00ea de Programa em muitas confer\u00eancias de prest\u00edgio, tais como IPDPS, <em>Supercomputing<\/em>, ICPP, ICS, Euro-Par, CCGrid, <em>Cluster<\/em>, ISC, SBAC-PAD e HiPC. Os seus interesses de pesquisa s\u00e3o Computa\u00e7\u00e3o de Alto Desempenho, Bioinform\u00e1tica e Computa\u00e7\u00e3o em Nuvem.<\/p>\n<\/div>\n\n\n\n<div class=\"wp-block-column is-layout-flow wp-block-column-is-layout-flow\"><div class=\"wp-block-image is-style-rounded\">\n<figure class=\"aligncenter size-full is-resized\"><img loading=\"lazy\" decoding=\"async\" src=\"https:\/\/sbrc.sbc.org.br\/2023\/wp-content\/uploads\/2023\/05\/aleteia.jpeg\" alt=\"\" class=\"wp-image-3271\" width=\"220\" height=\"220\" srcset=\"https:\/\/sbrc.sbc.org.br\/2023\/wp-content\/uploads\/2023\/05\/aleteia.jpeg 768w, https:\/\/sbrc.sbc.org.br\/2023\/wp-content\/uploads\/2023\/05\/aleteia-300x300.jpeg 300w, https:\/\/sbrc.sbc.org.br\/2023\/wp-content\/uploads\/2023\/05\/aleteia-150x150.jpeg 150w\" sizes=\"auto, (max-width: 220px) 100vw, 220px\" \/><\/figure>\n<\/div>\n\n\n<p class=\"has-text-align-center\"><strong>Alet\u00e9ia Patr\u00edcia Favacho de Ara\u00fajo \u2013 UnB<\/strong><\/p>\n\n\n\n<p class=\"has-text-align-center\">Alet\u00e9ia Patr\u00edcia Favacho de Ara\u00fajo possui gradua\u00e7\u00e3o no curso de Bacharelado em Ci\u00eancias da Computa\u00e7\u00e3o pela Universidade Federal do Par\u00e1 (1997), mestrado em Ci\u00eancias da Computa\u00e7\u00e3o e Matem\u00e1tica Computacional pela Universidade de S\u00e3o Paulo (1999) e doutorado em Inform\u00e1tica pela Pontif\u00edcia Universidade Cat\u00f3lica do Rio de Janeiro (2008). Atualmente, \u00e9 professora Associada III da Universidade de Bras\u00edlia (UnB). Tem experi\u00eancia na \u00e1rea de Ci\u00eancia da Computa\u00e7\u00e3o, com \u00eanfase em Processamento Paralelo, Sistemas Distribu\u00eddos, Computa\u00e7\u00e3o de Alto Desempenho, atuando, principalmente, nos seguintes temas: nuvem computacional, <em>fog computacional<\/em>, algoritmos paralelos e distribu\u00eddos, e <em>Function as a Service (FaaS)<\/em>. \u00c9 co-fundadora e coordenadora do projeto de extens\u00e3o Meninas.comp, que objetiva incentivar as meninas a atuarem profissionalmente na \u00e1rea de Computa\u00e7\u00e3o. Atualmente, \u00e9 coordenadora do Programa Nacional da SBC \u2013 Meninas Digitais.<\/p>\n<\/div>\n<\/div>\n\n\n\n<div style=\"height:50px\" aria-hidden=\"true\" class=\"wp-block-spacer\"><\/div>\n\n\n\n<div class=\"wp-block-columns is-layout-flex wp-container-core-columns-is-layout-9d6595d7 wp-block-columns-is-layout-flex\">\n<div class=\"wp-block-column is-layout-flow wp-block-column-is-layout-flow\"><div class=\"wp-block-image is-style-rounded\">\n<figure class=\"aligncenter size-full is-resized\"><img loading=\"lazy\" decoding=\"async\" src=\"https:\/\/sbrc.sbc.org.br\/2023\/wp-content\/uploads\/2023\/05\/IARA_MACHADO-3.png\" alt=\"\" class=\"wp-image-3275\" width=\"220\" height=\"220\" srcset=\"https:\/\/sbrc.sbc.org.br\/2023\/wp-content\/uploads\/2023\/05\/IARA_MACHADO-3.png 550w, https:\/\/sbrc.sbc.org.br\/2023\/wp-content\/uploads\/2023\/05\/IARA_MACHADO-3-300x300.png 300w, https:\/\/sbrc.sbc.org.br\/2023\/wp-content\/uploads\/2023\/05\/IARA_MACHADO-3-150x150.png 150w\" sizes=\"auto, (max-width: 220px) 100vw, 220px\" \/><\/figure>\n<\/div>\n\n\n<p class=\"has-text-align-center\"><strong>Iara Machado \u2013 RNP<\/strong><\/p>\n\n\n\n<p class=\"has-text-align-center\">Diretora de Pesquisa e Desenvolvimento e Inova\u00e7\u00e3o na Rede Nacional de Ensino e Pesquisa \u2013 RNP. Desde 2002, vem atuando na RNP na \u00e1rea de P&amp;D coordenando grupos de trabalho relacionados a projetos de aplica\u00e7\u00f5es e ciberinfraestrutura avan\u00e7ada, envolvendo ampla colabora\u00e7\u00e3o com a comunidade brasileira de pesquisa em rede e sistemas distribu\u00eddos. Trabalhou na Empresa Brasileira de Telecomunica\u00e7\u00f5es (Embratel) de 1983 \u2013 2002, como Gerente de Sistemas de Gerencia de Redes. Graduada em F\u00edsica pela Universidade Federal do Rio de Janeiro (UFRJ), Mestre em Redes de Computadores pela Universidade Federal Fluminense (UFF) e MBA em Empreendedorismo pela UFRJ. Foi professora da Universidade La Salle em Niter\u00f3i (2007 \u2013 2014) no curso de Computa\u00e7\u00e3o.<\/p>\n<\/div>\n\n\n\n<div class=\"wp-block-column is-layout-flow wp-block-column-is-layout-flow\"><div class=\"wp-block-image is-style-rounded\">\n<figure class=\"aligncenter size-large is-resized\"><img loading=\"lazy\" decoding=\"async\" src=\"https:\/\/sbrc.sbc.org.br\/2023\/wp-content\/uploads\/2023\/05\/MichelleWangham-1024x1024.jpg\" alt=\"\" class=\"wp-image-3274\" width=\"220\" height=\"220\" srcset=\"https:\/\/sbrc.sbc.org.br\/2023\/wp-content\/uploads\/2023\/05\/MichelleWangham-1024x1024.jpg 1024w, https:\/\/sbrc.sbc.org.br\/2023\/wp-content\/uploads\/2023\/05\/MichelleWangham-300x300.jpg 300w, https:\/\/sbrc.sbc.org.br\/2023\/wp-content\/uploads\/2023\/05\/MichelleWangham-150x150.jpg 150w, https:\/\/sbrc.sbc.org.br\/2023\/wp-content\/uploads\/2023\/05\/MichelleWangham-768x768.jpg 768w, https:\/\/sbrc.sbc.org.br\/2023\/wp-content\/uploads\/2023\/05\/MichelleWangham-1536x1536.jpg 1536w, https:\/\/sbrc.sbc.org.br\/2023\/wp-content\/uploads\/2023\/05\/MichelleWangham.jpg 1786w\" sizes=\"auto, (max-width: 220px) 100vw, 220px\" \/><\/figure>\n<\/div>\n\n\n<p class=\"has-text-align-center\"><strong>Michelle Wangham \u2013 UNIVALI<\/strong><\/p>\n\n\n\n<p class=\"has-text-align-center\">Michelle Wangham \u00e9 professora da Universidade do Vale do Itaja\u00ed (UNIVALI) e&nbsp;assessora de Pesquisa, Desenvolvimento e Inova\u00e7\u00e3o (PD&amp;I) na Rede Nacional de Ensino e Pesquisa (RNP). Possui mestrado e doutorado em Engenharia El\u00e9trica pela Universidade Federal de Santa Catarina (UFSC). \u00c9 Diretora de Articula\u00e7\u00e3o com Empresa da Sociedade Brasileira de Computa\u00e7\u00e3o (SBC). Foi por 4 anos Vice-presidente do Conselho de Administra\u00e7\u00e3o da CELESC de (2019-2023).&nbsp; Michelle \u00e9 m\u00e3e da Luiza e da Sofia e casada com Luiz Magno.<\/p>\n<\/div>\n<\/div>\n\n\n\n<div style=\"height:50px\" aria-hidden=\"true\" class=\"wp-block-spacer\"><\/div>\n\n\n\n<div class=\"wp-block-columns is-layout-flex wp-container-core-columns-is-layout-9d6595d7 wp-block-columns-is-layout-flex\">\n<div class=\"wp-block-column is-layout-flow wp-block-column-is-layout-flow\"><div class=\"wp-block-image is-style-rounded\">\n<figure class=\"aligncenter size-full is-resized\"><img loading=\"lazy\" decoding=\"async\" src=\"https:\/\/sbrc.sbc.org.br\/2023\/wp-content\/uploads\/2023\/05\/Rossana_Andrade.jpeg\" alt=\"\" class=\"wp-image-3276\" width=\"220\" height=\"220\" srcset=\"https:\/\/sbrc.sbc.org.br\/2023\/wp-content\/uploads\/2023\/05\/Rossana_Andrade.jpeg 765w, https:\/\/sbrc.sbc.org.br\/2023\/wp-content\/uploads\/2023\/05\/Rossana_Andrade-300x300.jpeg 300w, https:\/\/sbrc.sbc.org.br\/2023\/wp-content\/uploads\/2023\/05\/Rossana_Andrade-150x150.jpeg 150w\" sizes=\"auto, (max-width: 220px) 100vw, 220px\" \/><\/figure>\n<\/div>\n\n\n<p class=\"has-text-align-center\"><strong>Rossana Andrade \u2013 UFC<\/strong><\/p>\n\n\n\n<p class=\"has-text-align-center\">Possui doutorado em Ci\u00eancia da Computa\u00e7\u00e3o pela<em> University of Ottawa<\/em> (2001), mestrado em Ci\u00eancia da Computa\u00e7\u00e3o pela Universidade Federal da Para\u00edba (1992), e gradua\u00e7\u00e3o em Ci\u00eancia da Computa\u00e7\u00e3o pela Universidade Estadual do Cear\u00e1 (1989). Desde 1994 \u00e9 professora da Universidade Federal do Cear\u00e1 (UFC), no Departamento de Computa\u00e7\u00e3o, sendo atualmente Professora Titular. Rossana \u00e9 membro do GREat (Grupo de Redes de Computadores, Engenharia de <em>Software<\/em> e Sistemas), grupo de pesquisa que fundou em 2002 e do qual faz parte o Laborat\u00f3rio de Computa\u00e7\u00e3o M\u00f3vel e <em>Design<\/em> que ela coordena. Al\u00e9m disso, possui experi\u00eancia em coordena\u00e7\u00e3o de projetos, tendo coordenado aproximadamente 35 projetos de pesquisa e 32 projetos de desenvolvimento tecnol\u00f3gico nos \u00faltimos 19 anos. Atua em Engenharia de <em>Software<\/em> tanto nos temas de reutiliza\u00e7\u00e3o de <em>software<\/em> com linhas de produto de <em>software<\/em>, padr\u00f5es de <em>software<\/em>, <em>frameworks<\/em> e <em>middlewares<\/em>, quanto nos temas de teste de <em>software<\/em> e qualidade de <em>software<\/em>. J\u00e1 em Redes de Computadores, trabalha com seguran\u00e7a e especifica\u00e7\u00e3o formal de protocolos. \u00c9 importante ressaltar que, em todos esses temas, o foco de sua atua\u00e7\u00e3o tem sido em computa\u00e7\u00e3o m\u00f3vel, computa\u00e7\u00e3o ub\u00edqua e, atualmente, Internet das Coisas. \u00c9 Bolsista de Produtividade em Desenvolvimento Tecnol\u00f3gico e Extens\u00e3o Inovadora do CNPq.<\/p>\n<\/div>\n\n\n\n<div class=\"wp-block-column is-layout-flow wp-block-column-is-layout-flow\"><div class=\"wp-block-image is-style-rounded\">\n<figure class=\"aligncenter size-full is-resized\"><img loading=\"lazy\" decoding=\"async\" src=\"https:\/\/sbrc.sbc.org.br\/2023\/wp-content\/uploads\/2023\/05\/TanaraLauschner.jpg\" alt=\"\" class=\"wp-image-3277\" width=\"220\" height=\"220\" srcset=\"https:\/\/sbrc.sbc.org.br\/2023\/wp-content\/uploads\/2023\/05\/TanaraLauschner.jpg 831w, https:\/\/sbrc.sbc.org.br\/2023\/wp-content\/uploads\/2023\/05\/TanaraLauschner-300x300.jpg 300w, https:\/\/sbrc.sbc.org.br\/2023\/wp-content\/uploads\/2023\/05\/TanaraLauschner-150x150.jpg 150w, https:\/\/sbrc.sbc.org.br\/2023\/wp-content\/uploads\/2023\/05\/TanaraLauschner-768x768.jpg 768w\" sizes=\"auto, (max-width: 220px) 100vw, 220px\" \/><\/figure>\n<\/div>\n\n\n<p class=\"has-text-align-center\"><strong>Tanara Lauschner \u2013 CGI.br e UFAM<\/strong><\/p>\n\n\n\n<p class=\"has-text-align-center\">Tanara Lauschner \u00e9 Dra. em Inform\u00e1tica e Profa. da Universidade Federal do Amazonas. Atua no movimento de Mulheres na Computa\u00e7\u00e3o, \u00e9 co-Fundadora do Cunhant\u00e3 Digital e consultora do Programa Meninas Digitais, ex-diretora do Instituto de Computa\u00e7\u00e3o da UFAM, conselheira titular do Comit\u00ea Gestor da Internet(CGI.br), da Associa\u00e7\u00e3o do Polo Digital de Manaus. Coordenadora Geral do Projeto SUPER para Educa\u00e7\u00e3o e Pesquisa em parceria com a Samsung. \u00c9 ex-Pr\u00f3-Reitora de Inova\u00e7\u00e3o Tecnol\u00f3gica da UFAM, Diretora de Planejamento da Sociedade Brasileira de Computa\u00e7\u00e3o e coordenadora do F\u00f3rum da Internet no Brasil.<\/p>\n<\/div>\n<\/div>\n\n\n\n<p><\/p>\n","protected":false},"excerpt":{"rendered":"<p>Apresenta\u00e7\u00e3o O evento MUSAS (MUlheres em redeS de computadores e sistemAs diStribu\u00eddos) visa encorajar conex\u00f5es entre mulheres pesquisadoras, estudantes e profissionais da \u00e1rea de redes de computadores, sistemas distribu\u00eddos e outras relacionadas.&nbsp; Este evento pioneiro na \u00e1rea de redes de computadores e sistemas distribu\u00eddos no Brasil teve in\u00edcio no ano de 2019 no SBRC. O [&hellip;]<\/p>\n","protected":false},"author":3,"featured_media":0,"parent":0,"menu_order":0,"comment_status":"closed","ping_status":"closed","template":"","meta":{"footnotes":""},"class_list":["post-3202","page","type-page","status-publish","hentry"],"_links":{"self":[{"href":"https:\/\/sbrc.sbc.org.br\/2023\/wp-json\/wp\/v2\/pages\/3202","targetHints":{"allow":["GET"]}}],"collection":[{"href":"https:\/\/sbrc.sbc.org.br\/2023\/wp-json\/wp\/v2\/pages"}],"about":[{"href":"https:\/\/sbrc.sbc.org.br\/2023\/wp-json\/wp\/v2\/types\/page"}],"author":[{"embeddable":true,"href":"https:\/\/sbrc.sbc.org.br\/2023\/wp-json\/wp\/v2\/users\/3"}],"replies":[{"embeddable":true,"href":"https:\/\/sbrc.sbc.org.br\/2023\/wp-json\/wp\/v2\/comments?post=3202"}],"version-history":[{"count":27,"href":"https:\/\/sbrc.sbc.org.br\/2023\/wp-json\/wp\/v2\/pages\/3202\/revisions"}],"predecessor-version":[{"id":3295,"href":"https:\/\/sbrc.sbc.org.br\/2023\/wp-json\/wp\/v2\/pages\/3202\/revisions\/3295"}],"wp:attachment":[{"href":"https:\/\/sbrc.sbc.org.br\/2023\/wp-json\/wp\/v2\/media?parent=3202"}],"curies":[{"name":"wp","href":"https:\/\/api.w.org\/{rel}","templated":true}]}}