{"id":2895,"date":"2023-05-12T12:30:06","date_gmt":"2023-05-12T15:30:06","guid":{"rendered":"https:\/\/sbrc.sbc.org.br\/2023\/?page_id=2895"},"modified":"2023-05-23T09:50:51","modified_gmt":"2023-05-23T12:50:51","slug":"paineis","status":"publish","type":"page","link":"https:\/\/sbrc.sbc.org.br\/2023\/paineis\/","title":{"rendered":"Pain\u00e9is"},"content":{"rendered":"\n<h4 class=\"wp-block-heading\"><strong>Painel 1<\/strong>: AI\/ML in Computer Networks: Myths, Facts, and Future<\/h4>\n\n\n\n<p class=\"has-text-color\" style=\"color:#004190\"><strong>Data\/Hor\u00e1rio:<\/strong> Ter\u00e7a-feira (23\/05) &#8211; 17:30 \u00e0s 18:30<\/p>\n\n\n\n<p class=\"has-text-color\" style=\"color:#004190\"><strong>Local:<\/strong> Sala G\/H<\/p>\n\n\n\n<ul class=\"wp-block-list\">\n<li><strong>Mediador: <\/strong>Antonio Augusto de A. Rocha (Universidade Federal Fluminense)<\/li>\n<\/ul>\n\n\n\n<p><\/p>\n\n\n\n<ul class=\"wp-block-list\">\n<li><strong>Painelistas: <\/strong>Bruno Ribeiro (Purdue University), Damla Turgut (University of Central Florida)<\/li>\n<\/ul>\n\n\n\n<p><\/p>\n\n\n\n<ul class=\"wp-block-list\">\n<li><strong>Resumo: <\/strong>The use of AI\/ML in computer networks is not a new concept, with research dating back more than 20 years. However, recent advancements in tools and techniques have sparked renewed interest in the application of AI\/ML in networks. Innovative solutions leveraging AI\/ML can now be applied to both traditional and new problems. However, this increased attention has also led to inflated expectations and potential misapplication of AI\/ML in computer networks. This panel aims to dispel myths and discuss facts and the future of AI\/ML in the field. The discussion will focus on identifying challenges and outlining viable steps for progress.<\/li>\n<\/ul>\n\n\n\n<div style=\"height:100px\" aria-hidden=\"true\" class=\"wp-block-spacer\"><\/div>\n\n\n\n<h4 class=\"wp-block-heading\"><strong>Painel 2<\/strong>: 6G Technologies and the Wireless Communications Research<\/h4>\n\n\n\n<p class=\"has-text-color\" style=\"color:#004190\"><strong>Data\/Hor\u00e1rio:<\/strong> Quarta-feira (24\/05) &#8211; 17:30 \u00e0s 18:30<\/p>\n\n\n\n<p class=\"has-text-color\" style=\"color:#004190\"><strong>Local:<\/strong> Sala G\/H<\/p>\n\n\n\n<ul class=\"wp-block-list\">\n<li><strong>Mediador:<\/strong> Ant\u00f4nio Marcos Alberti (Instituto Nacional de Telecomunica\u00e7\u00f5es)<\/li>\n<\/ul>\n\n\n\n<p><\/p>\n\n\n\n<ul class=\"wp-block-list\">\n<li><strong>Painelistas: <\/strong>Juliano Wickboldt (Universidade Federal do Rio Grande do Sul) , Maria Marquezini (Ericsson)<\/li>\n<\/ul>\n\n\n\n<div style=\"height:100px\" aria-hidden=\"true\" class=\"wp-block-spacer\"><\/div>\n\n\n\n<h4 class=\"wp-block-heading\"><strong>Painel 3<\/strong>: Challenges for Computer Networking Research in a Post-Pandemic Future<\/h4>\n\n\n\n<p class=\"has-text-color\" style=\"color:#004190\"><strong>Data\/Hor\u00e1rio:<\/strong> Quinta-feira (25\/05) &#8211; 17:30 \u00e0s 18:30<\/p>\n\n\n\n<p class=\"has-text-color\" style=\"color:#004190\"><strong>Local:<\/strong> Sala G\/H<\/p>\n\n\n\n<ul class=\"wp-block-list\">\n<li><strong>Mediador:<\/strong> Eduardo Cerqueira (Universidade Federal do Par\u00e1)<\/li>\n<\/ul>\n\n\n\n<p><\/p>\n\n\n\n<ul class=\"wp-block-list\">\n<li><strong>Painelistas: <\/strong>Luiz A. DaSilva (Virginia Tech), Torsten Braun (Universit\u00e4t Bern)<\/li>\n<\/ul>\n\n\n\n<p><\/p>\n\n\n\n<p><\/p>\n","protected":false},"excerpt":{"rendered":"<p>Painel 1: AI\/ML in Computer Networks: Myths, Facts, and Future Data\/Hor\u00e1rio: Ter\u00e7a-feira (23\/05) &#8211; 17:30 \u00e0s 18:30 Local: Sala G\/H Painel 2: 6G Technologies and the Wireless Communications Research Data\/Hor\u00e1rio: Quarta-feira (24\/05) &#8211; 17:30 \u00e0s 18:30 Local: Sala G\/H Painel 3: Challenges for Computer Networking Research in a Post-Pandemic Future Data\/Hor\u00e1rio: Quinta-feira (25\/05) &#8211; 17:30 [&hellip;]<\/p>\n","protected":false},"author":3,"featured_media":0,"parent":0,"menu_order":0,"comment_status":"closed","ping_status":"closed","template":"","meta":{"footnotes":""},"class_list":["post-2895","page","type-page","status-publish","hentry"],"_links":{"self":[{"href":"https:\/\/sbrc.sbc.org.br\/2023\/wp-json\/wp\/v2\/pages\/2895","targetHints":{"allow":["GET"]}}],"collection":[{"href":"https:\/\/sbrc.sbc.org.br\/2023\/wp-json\/wp\/v2\/pages"}],"about":[{"href":"https:\/\/sbrc.sbc.org.br\/2023\/wp-json\/wp\/v2\/types\/page"}],"author":[{"embeddable":true,"href":"https:\/\/sbrc.sbc.org.br\/2023\/wp-json\/wp\/v2\/users\/3"}],"replies":[{"embeddable":true,"href":"https:\/\/sbrc.sbc.org.br\/2023\/wp-json\/wp\/v2\/comments?post=2895"}],"version-history":[{"count":28,"href":"https:\/\/sbrc.sbc.org.br\/2023\/wp-json\/wp\/v2\/pages\/2895\/revisions"}],"predecessor-version":[{"id":3631,"href":"https:\/\/sbrc.sbc.org.br\/2023\/wp-json\/wp\/v2\/pages\/2895\/revisions\/3631"}],"wp:attachment":[{"href":"https:\/\/sbrc.sbc.org.br\/2023\/wp-json\/wp\/v2\/media?parent=2895"}],"curies":[{"name":"wp","href":"https:\/\/api.w.org\/{rel}","templated":true}]}}